Last updated on 2024-04-17 19:58:38 CEST.
Flavor | Version | Tinstall | Tcheck | Ttotal | Status | Flags |
---|---|---|---|---|---|---|
r-devel-linux-x86_64-debian-clang | 1.2.6 | 74.53 | 144.38 | 218.91 | NOTE | |
r-devel-linux-x86_64-debian-gcc | 1.2.6 | 55.85 | 121.86 | 177.71 | NOTE | |
r-devel-linux-x86_64-fedora-clang | 1.2.6 | 481.69 | NOTE | |||
r-devel-linux-x86_64-fedora-gcc | 1.2.6 | 488.93 | NOTE | |||
r-prerel-macos-arm64 | 1.2.6 | 101.00 | NOTE | |||
r-prerel-windows-x86_64 | 1.2.6 | 60.00 | 144.00 | 204.00 | NOTE | |
r-patched-linux-x86_64 | 1.2.6 | 71.62 | 142.57 | 214.19 | NOTE | |
r-release-linux-x86_64 | 1.2.6 | 71.24 | 143.67 | 214.91 | NOTE | |
r-release-macos-arm64 | 1.2.6 | 254.00 | NOTE | |||
r-release-macos-x86_64 | 1.2.6 | 89.00 | NOTE | |||
r-release-windows-x86_64 | 1.2.6 | 73.00 | 154.00 | 227.00 | NOTE | |
r-oldrel-macos-arm64 | 1.2.6 | 238.00 | NOTE | |||
r-oldrel-windows-x86_64 | 1.2.6 | 72.00 | 151.00 | 223.00 | NOTE |
Version: 1.2.6
Check: for GNU extensions in Makefiles
Result: NOTE
GNU make is a SystemRequirements.
Flavors: r-devel-linux-x86_64-debian-clang, r-devel-linux-x86_64-debian-gcc, r-devel-linux-x86_64-fedora-clang, r-devel-linux-x86_64-fedora-gcc, r-prerel-macos-arm64, r-prerel-windows-x86_64, r-patched-linux-x86_64, r-release-linux-x86_64, r-release-macos-arm64, r-release-macos-x86_64, r-release-windows-x86_64, r-oldrel-macos-arm64, r-oldrel-windows-x86_64