Last updated on 2023-12-07 06:51:42 CET.
Flavor | Version | Tinstall | Tcheck | Ttotal | Status | Flags |
---|---|---|---|---|---|---|
r-devel-linux-x86_64-debian-clang | 0.2.11 | 309.04 | 338.83 | 647.87 | NOTE | |
r-devel-linux-x86_64-debian-gcc | 0.2.11 | 206.25 | 246.47 | 452.72 | NOTE | |
r-devel-linux-x86_64-fedora-clang | 0.2.11 | 900.02 | OK | |||
r-devel-linux-x86_64-fedora-gcc | 0.2.11 | 885.19 | OK | |||
r-devel-windows-x86_64 | 0.2.11 | 228.00 | 273.00 | 501.00 | OK | |
r-patched-linux-x86_64 | 0.2.11 | 254.20 | 312.67 | 566.87 | OK | |
r-release-linux-x86_64 | 0.2.11 | 245.36 | 318.46 | 563.82 | OK | |
r-release-macos-arm64 | 0.2.11 | 207.00 | NOTE | |||
r-release-macos-x86_64 | 0.2.11 | 377.00 | NOTE | |||
r-release-windows-x86_64 | 0.2.11 | 304.00 | 353.00 | 657.00 | OK | |
r-oldrel-macos-arm64 | 0.2.11 | 190.00 | NOTE | |||
r-oldrel-macos-x86_64 | 0.2.11 | 228.00 | NOTE | |||
r-oldrel-windows-x86_64 | 0.2.11 | 293.00 | 308.00 | 601.00 | OK |
Version: 0.2.11
Check: Rd files
Result: NOTE
checkRd: (-1) summary.GauPro.Rd:5-35: Lost braces
5 | \title{if (F) {
| ^
checkRd: (-1) summary.GauPro.Rd:20-22: Lost braces
20 | #' if (requireNamespace("MASS", quietly = TRUE)) {
| ^
checkRd: (-1) summary.GauPro.Rd:24-34: Lost braces
24 | plot.GauPro <- function(x, ...) {
| ^
checkRd: (-1) summary.GauPro.Rd:26-28: Lost braces
26 | # if (x$D == 1) {
| ^
checkRd: (-1) summary.GauPro.Rd:28-30: Lost braces
28 | # } else if (x$D == 2) {
| ^
checkRd: (-1) summary.GauPro.Rd:30-33: Lost braces
30 | # } else {
| ^
checkRd: (-1) summary.GauPro.Rd:49-79: Lost braces
49 | if (F) {
| ^
checkRd: (-1) summary.GauPro.Rd:64-66: Lost braces
64 | #' if (requireNamespace("MASS", quietly = TRUE)) {
| ^
checkRd: (-1) summary.GauPro.Rd:68-78: Lost braces
68 | plot.GauPro <- function(x, ...) {
| ^
checkRd: (-1) summary.GauPro.Rd:70-72: Lost braces
70 | # if (x$D == 1) {
| ^
checkRd: (-1) summary.GauPro.Rd:72-74: Lost braces
72 | # } else if (x$D == 2) {
| ^
checkRd: (-1) summary.GauPro.Rd:74-77: Lost braces
74 | # } else {
| ^
Flavors: r-devel-linux-x86_64-debian-clang, r-devel-linux-x86_64-debian-gcc
Version: 0.2.11
Check: installed package size
Result: NOTE
installed size is 9.4Mb
sub-directories of 1Mb or more:
R 2.1Mb
libs 6.6Mb
Flavors: r-release-macos-arm64, r-release-macos-x86_64, r-oldrel-macos-arm64, r-oldrel-macos-x86_64