Last updated on 2023-06-08 08:55:23 CEST.
Flavor | Version | Tinstall | Tcheck | Ttotal | Status | Flags |
---|---|---|---|---|---|---|
r-devel-linux-x86_64-debian-clang | 0.1.4 | 137.54 | 84.17 | 221.71 | NOTE | |
r-devel-linux-x86_64-debian-gcc | 0.1.4 | 105.32 | 53.53 | 158.85 | NOTE | |
r-devel-linux-x86_64-fedora-clang | 0.1.4 | 326.29 | NOTE | |||
r-devel-linux-x86_64-fedora-gcc | 0.1.4 | 312.36 | NOTE | |||
r-devel-windows-x86_64 | 0.1.4 | 104.00 | 99.00 | 203.00 | NOTE | |
r-patched-linux-x86_64 | 0.1.4 | 107.79 | 68.36 | 176.15 | NOTE | |
r-release-linux-x86_64 | 0.1.4 | 122.11 | 68.11 | 190.22 | NOTE | |
r-release-macos-arm64 | 0.1.4 | 78.00 | NOTE | |||
r-release-macos-x86_64 | 0.1.4 | 133.00 | NOTE | |||
r-release-windows-x86_64 | 0.1.4 | 137.00 | 109.00 | 246.00 | NOTE | |
r-oldrel-macos-arm64 | 0.1.4 | 72.00 | NOTE | |||
r-oldrel-macos-x86_64 | 0.1.4 | 92.00 | NOTE | |||
r-oldrel-windows-x86_64 | 0.1.4 | 136.00 | 108.00 | 244.00 | OK |
Version: 0.1.4
Check: C++ specification
Result: NOTE
Specified C++11: please drop specification unless essential
Flavors: r-devel-linux-x86_64-debian-clang, r-devel-linux-x86_64-debian-gcc, r-devel-linux-x86_64-fedora-clang, r-devel-linux-x86_64-fedora-gcc, r-devel-windows-x86_64, r-patched-linux-x86_64, r-release-linux-x86_64, r-release-macos-arm64, r-release-macos-x86_64, r-release-windows-x86_64
Version: 0.1.4
Check: installed package size
Result: NOTE
installed size is 6.1Mb
sub-directories of 1Mb or more:
libs 5.5Mb
Flavors: r-release-macos-arm64, r-release-macos-x86_64, r-oldrel-macos-arm64, r-oldrel-macos-x86_64