Last updated on 2024-04-20 07:56:07 CEST.
Flavor | Version | Tinstall | Tcheck | Ttotal | Status | Flags |
---|---|---|---|---|---|---|
r-devel-linux-x86_64-debian-clang | 0.1.7 | 146.68 | 74.73 | 221.41 | OK | |
r-devel-linux-x86_64-debian-gcc | 0.1.7 | 115.26 | 53.42 | 168.68 | OK | |
r-devel-linux-x86_64-fedora-clang | 0.1.7 | 339.70 | OK | |||
r-devel-linux-x86_64-fedora-gcc | 0.1.7 | 324.88 | OK | |||
r-prerel-macos-arm64 | 0.1.7 | 61.00 | NOTE | |||
r-prerel-macos-x86_64 | 0.1.7 | 146.00 | NOTE | |||
r-prerel-windows-x86_64 | 0.1.7 | 112.00 | 99.00 | 211.00 | OK | |
r-patched-linux-x86_64 | 0.1.7 | 139.63 | 70.75 | 210.38 | OK | |
r-release-linux-x86_64 | 0.1.7 | 145.48 | 70.35 | 215.83 | OK | |
r-release-macos-arm64 | 0.1.7 | 68.00 | NOTE | |||
r-release-macos-x86_64 | 0.1.7 | 105.00 | NOTE | |||
r-release-windows-x86_64 | 0.1.7 | 142.00 | 108.00 | 250.00 | OK | |
r-oldrel-macos-arm64 | 0.1.7 | 65.00 | NOTE | |||
r-oldrel-windows-x86_64 | 0.1.7 | 134.00 | 103.00 | 237.00 | OK |
Version: 0.1.7
Check: installed package size
Result: NOTE
installed size is 5.7Mb
sub-directories of 1Mb or more:
libs 5.2Mb
Flavors: r-prerel-macos-arm64, r-prerel-macos-x86_64, r-release-macos-arm64, r-release-macos-x86_64, r-oldrel-macos-arm64