Last updated on 2023-12-06 07:50:16 CET.
Flavor | Version | Tinstall | Tcheck | Ttotal | Status | Flags |
---|---|---|---|---|---|---|
r-devel-linux-x86_64-debian-clang | 1.0.1 | 17.18 | 102.48 | 119.66 | OK | |
r-devel-linux-x86_64-debian-gcc | 1.0.1 | 12.93 | 76.09 | 89.02 | OK | |
r-devel-linux-x86_64-fedora-clang | 1.0.1 | 150.55 | NOTE | |||
r-devel-linux-x86_64-fedora-gcc | 1.0.1 | 105.26 | OK | |||
r-devel-windows-x86_64 | 1.0.1 | 19.00 | 103.00 | 122.00 | OK | |
r-patched-linux-x86_64 | 1.0.0 | 18.08 | 94.47 | 112.55 | OK | |
r-release-linux-x86_64 | 1.0.1 | 17.64 | 97.77 | 115.41 | OK | |
r-release-macos-arm64 | 1.0.1 | 70.00 | OK | |||
r-release-macos-x86_64 | 1.0.1 | 174.00 | OK | |||
r-release-windows-x86_64 | 1.0.1 | 21.00 | 122.00 | 143.00 | OK | |
r-oldrel-macos-arm64 | 1.0.1 | 55.00 | OK | |||
r-oldrel-macos-x86_64 | 0.1.1 | 68.00 | OK | |||
r-oldrel-windows-x86_64 | 1.0.1 | 25.00 | 152.00 | 177.00 | OK |
Version: 1.0.1
Check: Rd cross-references
Result: NOTE
Undeclared package ‘speedglm’ in Rd xrefs
Flavor: r-devel-linux-x86_64-fedora-clang