Last updated on 2023-06-02 20:56:27 CEST.
Flavor | Version | Tinstall | Tcheck | Ttotal | Status | Flags |
---|---|---|---|---|---|---|
r-devel-linux-x86_64-debian-clang | 0.1.1 | 13.73 | 121.30 | 135.03 | NOTE | |
r-devel-linux-x86_64-debian-gcc | 0.1.1 | 10.01 | 88.64 | 98.65 | NOTE | |
r-devel-linux-x86_64-fedora-clang | 0.1.1 | 165.10 | NOTE | |||
r-devel-linux-x86_64-fedora-gcc | 0.1.1 | 177.00 | NOTE | |||
r-devel-windows-x86_64 | 0.1.1 | 13.00 | 97.00 | 110.00 | NOTE | |
r-patched-linux-x86_64 | 0.1.1 | NOTE | ||||
r-release-linux-x86_64 | 0.1.1 | 10.01 | 109.63 | 119.64 | NOTE | |
r-release-macos-arm64 | 0.1.1 | 50.00 | NOTE | |||
r-release-macos-x86_64 | 0.1.1 | 78.00 | NOTE | |||
r-release-windows-x86_64 | 0.1.1 | 16.00 | 116.00 | 132.00 | NOTE | |
r-oldrel-macos-arm64 | 0.1.1 | 43.00 | NOTE | |||
r-oldrel-macos-x86_64 | 0.1.1 | 85.00 | NOTE | |||
r-oldrel-windows-x86_64 | 0.1.1 | 16.00 | 117.00 | 133.00 | NOTE |
Version: 0.1.1
Check: LazyData
Result: NOTE
'LazyData' is specified without a 'data' directory
Flavors: r-devel-linux-x86_64-debian-clang, r-devel-linux-x86_64-debian-gcc, r-devel-linux-x86_64-fedora-clang, r-devel-linux-x86_64-fedora-gcc, r-devel-windows-x86_64, r-patched-linux-x86_64, r-release-linux-x86_64, r-release-macos-arm64, r-release-macos-x86_64, r-release-windows-x86_64, r-oldrel-macos-arm64, r-oldrel-macos-x86_64, r-oldrel-windows-x86_64