Last updated on 2023-12-04 07:50:56 CET.
Flavor | Version | Tinstall | Tcheck | Ttotal | Status | Flags |
---|---|---|---|---|---|---|
r-devel-linux-x86_64-debian-clang | 1.2.0 | 52.14 | 98.98 | 151.12 | NOTE | |
r-devel-linux-x86_64-debian-gcc | 1.2.0 | 37.02 | 74.13 | 111.15 | NOTE | |
r-devel-linux-x86_64-fedora-clang | 1.2.0 | 211.08 | OK | |||
r-devel-linux-x86_64-fedora-gcc | 1.2.0 | 200.51 | OK | |||
r-devel-windows-x86_64 | 1.2.0 | 45.00 | 113.00 | 158.00 | OK | |
r-patched-linux-x86_64 | 1.2.0 | 37.37 | 95.09 | 132.46 | OK | |
r-release-linux-x86_64 | 1.2.0 | 36.97 | 95.54 | 132.51 | OK | |
r-release-macos-arm64 | 1.2.0 | 64.00 | OK | |||
r-release-macos-x86_64 | 1.2.0 | 92.00 | OK | |||
r-release-windows-x86_64 | 1.2.0 | 61.00 | 134.00 | 195.00 | OK | |
r-oldrel-macos-arm64 | 1.2.0 | 48.00 | OK | |||
r-oldrel-macos-x86_64 | 1.2.0 | 71.00 | OK | |||
r-oldrel-windows-x86_64 | 1.2.0 | 55.00 | 125.00 | 180.00 | OK |
Version: 1.2.0
Check: Rd files
Result: NOTE
checkRd: (-1) solve_game.Rd:86: Lost braces in \itemize; \value handles \item{}{} directly
checkRd: (-1) solve_game.Rd:87: Lost braces in \itemize; \value handles \item{}{} directly
checkRd: (-1) solve_game.Rd:88: Lost braces in \itemize; \value handles \item{}{} directly
checkRd: (-1) solve_game.Rd:89: Lost braces in \itemize; \value handles \item{}{} directly
checkRd: (-1) solve_game.Rd:90: Lost braces in \itemize; \value handles \item{}{} directly
Flavors: r-devel-linux-x86_64-debian-clang, r-devel-linux-x86_64-debian-gcc