Last updated on 2023-06-10 08:53:17 CEST.
Flavor | Version | Tinstall | Tcheck | Ttotal | Status | Flags |
---|---|---|---|---|---|---|
r-devel-linux-x86_64-debian-clang | 3.1.2 | 133.25 | 516.90 | 650.15 | NOTE | |
r-devel-linux-x86_64-debian-gcc | 3.1.2 | 102.29 | 401.46 | 503.75 | NOTE | |
r-devel-linux-x86_64-fedora-clang | 3.1.2 | 837.89 | NOTE | |||
r-devel-linux-x86_64-fedora-gcc | 3.1.2 | 814.88 | NOTE | |||
r-devel-windows-x86_64 | 3.1.2 | 105.00 | 364.00 | 469.00 | NOTE | |
r-patched-linux-x86_64 | 3.1.2 | 105.33 | 492.83 | 598.16 | NOTE | |
r-release-linux-x86_64 | 3.1.2 | 86.33 | 483.30 | 569.63 | NOTE | |
r-release-macos-arm64 | 3.1.2 | 245.00 | NOTE | |||
r-release-macos-x86_64 | 3.1.2 | 458.00 | NOTE | |||
r-release-windows-x86_64 | 3.1.2 | 135.00 | 542.00 | 677.00 | NOTE | |
r-oldrel-macos-arm64 | 3.1.2 | 180.00 | OK | |||
r-oldrel-macos-x86_64 | 3.1.2 | 305.00 | OK | |||
r-oldrel-windows-x86_64 | 3.1.2 | 133.00 | 522.00 | 655.00 | OK |
Version: 3.1.2
Check: C++ specification
Result: NOTE
Specified C++11: please drop specification unless essential
Flavors: r-devel-linux-x86_64-debian-clang, r-devel-linux-x86_64-debian-gcc, r-devel-linux-x86_64-fedora-clang, r-devel-linux-x86_64-fedora-gcc, r-devel-windows-x86_64, r-patched-linux-x86_64, r-release-linux-x86_64, r-release-macos-arm64, r-release-macos-x86_64, r-release-windows-x86_64