Last updated on 2024-04-24 07:57:41 CEST.
Flavor | Version | Tinstall | Tcheck | Ttotal | Status | Flags |
---|---|---|---|---|---|---|
r-devel-linux-x86_64-debian-clang | 0.2.6 | 192.45 | 132.18 | 324.63 | OK | |
r-devel-linux-x86_64-debian-gcc | 0.2.6 | 165.88 | 104.59 | 270.47 | OK | |
r-devel-linux-x86_64-fedora-clang | 0.2.6 | 417.67 | NOTE | |||
r-devel-linux-x86_64-fedora-gcc | 0.2.6 | 480.67 | NOTE | |||
r-prerel-macos-arm64 | 0.2.6 | 97.00 | NOTE | |||
r-prerel-windows-x86_64 | 0.2.6 | 142.00 | 170.00 | 312.00 | OK | |
r-patched-linux-x86_64 | 0.2.6 | 198.10 | 139.09 | 337.19 | OK | |
r-release-linux-x86_64 | 0.2.6 | 201.48 | 136.15 | 337.63 | OK | |
r-release-macos-arm64 | 0.2.6 | 97.00 | NOTE | |||
r-release-macos-x86_64 | 0.2.6 | 134.00 | NOTE | |||
r-release-windows-x86_64 | 0.2.6 | 172.00 | 188.00 | 360.00 | OK | |
r-oldrel-macos-arm64 | 0.2.6 | 90.00 | NOTE | |||
r-oldrel-windows-x86_64 | 0.2.6 | 157.00 | 184.00 | 341.00 | OK |
Version: 0.2.6
Check: dependencies in R code
Result: NOTE
Namespace in Imports field not imported from: ‘ordinal’
All declared Imports should be used.
Flavors: r-devel-linux-x86_64-fedora-clang, r-devel-linux-x86_64-fedora-gcc
Version: 0.2.6
Check: installed package size
Result: NOTE
installed size is 24.4Mb
sub-directories of 1Mb or more:
libs 23.9Mb
Flavors: r-prerel-macos-arm64, r-release-macos-arm64, r-release-macos-x86_64, r-oldrel-macos-arm64