Last updated on 2024-03-28 07:52:51 CET.
Flavor | Version | Tinstall | Tcheck | Ttotal | Status | Flags |
---|---|---|---|---|---|---|
r-devel-linux-x86_64-debian-clang | 1.3.2 | 18.84 | 197.20 | 216.04 | OK | |
r-devel-linux-x86_64-debian-gcc | 1.3.2 | 13.86 | 149.09 | 162.95 | OK | |
r-devel-linux-x86_64-fedora-clang | 1.3.2 | 257.86 | NOTE | |||
r-devel-linux-x86_64-fedora-gcc | 1.3.2 | 261.62 | OK | |||
r-devel-windows-x86_64 | 1.3.2 | 15.00 | 164.00 | 179.00 | NOTE | |
r-patched-linux-x86_64 | 1.3.2 | 17.83 | 188.88 | 206.71 | OK | |
r-release-linux-x86_64 | 1.3.2 | 11.64 | 192.44 | 204.08 | OK | |
r-release-macos-arm64 | 1.3.2 | 349.00 | NOTE | |||
r-release-macos-x86_64 | 1.3.2 | 480.00 | NOTE | |||
r-release-windows-x86_64 | 1.3.2 | 22.00 | 207.00 | 229.00 | NOTE | |
r-oldrel-macos-arm64 | 1.3.2 | 338.00 | NOTE | |||
r-oldrel-windows-x86_64 | 1.3.2 | 23.00 | 210.00 | 233.00 | NOTE |
Version: 1.3.2
Check: installed package size
Result: NOTE
installed size is 6.1Mb
sub-directories of 1Mb or more:
doc 3.4Mb
help 2.5Mb
Flavors: r-devel-linux-x86_64-fedora-clang, r-devel-windows-x86_64, r-release-macos-arm64, r-release-macos-x86_64, r-release-windows-x86_64, r-oldrel-macos-arm64, r-oldrel-windows-x86_64