Last updated on 2024-04-23 07:51:04 CEST.
Flavor | Version | Tinstall | Tcheck | Ttotal | Status | Flags |
---|---|---|---|---|---|---|
r-devel-linux-x86_64-debian-clang | 3.0.0 | 24.15 | 163.13 | 187.28 | OK | |
r-devel-linux-x86_64-debian-gcc | 3.0.0 | 18.61 | 116.74 | 135.35 | OK | |
r-devel-linux-x86_64-fedora-clang | 3.0.0 | 235.03 | NOTE | |||
r-devel-linux-x86_64-fedora-gcc | 3.0.0 | 230.76 | NOTE | |||
r-prerel-macos-arm64 | 3.0.0 | 61.00 | OK | |||
r-prerel-windows-x86_64 | 3.0.0 | 19.00 | 131.00 | 150.00 | OK | |
r-patched-linux-x86_64 | 3.0.0 | 30.11 | 155.68 | 185.79 | OK | |
r-release-linux-x86_64 | 3.0.0 | 21.43 | 155.47 | 176.90 | OK | |
r-release-macos-arm64 | 3.0.0 | 68.00 | OK | |||
r-release-macos-x86_64 | 3.0.0 | 113.00 | OK | |||
r-release-windows-x86_64 | 3.0.0 | 26.00 | 157.00 | 183.00 | OK | |
r-oldrel-macos-arm64 | 3.0.0 | 57.00 | NOTE | |||
r-oldrel-windows-x86_64 | 3.0.0 | 25.00 | 157.00 | 182.00 | OK |
Version: 3.0.0
Check: dependencies in R code
Result: NOTE
Namespace in Imports field not imported from: ‘class’
All declared Imports should be used.
Flavors: r-devel-linux-x86_64-fedora-clang, r-devel-linux-x86_64-fedora-gcc, r-oldrel-macos-arm64