Last updated on 2023-09-26 08:04:13 CEST.
Flavor | Version | Tinstall | Tcheck | Ttotal | Status | Flags |
---|---|---|---|---|---|---|
r-devel-linux-x86_64-debian-clang | 2.1.2 | 16.28 | 472.92 | 489.20 | OK | |
r-devel-linux-x86_64-debian-gcc | 2.1.2 | 13.78 | 345.20 | 358.98 | OK | |
r-devel-linux-x86_64-fedora-clang | 2.1.2 | 568.58 | NOTE | |||
r-devel-linux-x86_64-fedora-gcc | 2.1.2 | 590.22 | OK | |||
r-devel-windows-x86_64 | 2.1.2 | 16.00 | 314.00 | 330.00 | OK | |
r-patched-linux-x86_64 | 2.1.2 | 16.39 | 455.18 | 471.57 | OK | |
r-release-linux-x86_64 | 2.1.2 | 14.79 | 447.83 | 462.62 | OK | |
r-release-macos-arm64 | 2.1.2 | 179.00 | OK | |||
r-release-macos-x86_64 | 2.1.2 | 301.00 | OK | |||
r-release-windows-x86_64 | 2.1.2 | 23.00 | 416.00 | 439.00 | OK | |
r-oldrel-macos-arm64 | 2.1.2 | 125.00 | OK | |||
r-oldrel-macos-x86_64 | 2.1.2 | 246.00 | NOTE | |||
r-oldrel-windows-x86_64 | 2.1.2 | 22.00 | 410.00 | 432.00 | OK |
Version: 2.1.2
Check: Rd cross-references
Result: NOTE
Undeclared packages ‘glue’, ‘magrittr’ in Rd xrefs
Flavor: r-devel-linux-x86_64-fedora-clang
Version: 2.1.2
Check: package dependencies
Result: NOTE
Package suggested but not available for checking: ‘scagnostics’
Flavor: r-oldrel-macos-x86_64