Last updated on 2024-04-23 07:51:03 CEST.
Flavor | Version | Tinstall | Tcheck | Ttotal | Status | Flags |
---|---|---|---|---|---|---|
r-devel-linux-x86_64-debian-clang | 2.1.1 | 38.15 | 117.69 | 155.84 | NOTE | |
r-devel-linux-x86_64-debian-gcc | 2.1.1 | 28.99 | 90.27 | 119.26 | NOTE | |
r-devel-linux-x86_64-fedora-clang | 2.1.1 | 212.96 | NOTE | |||
r-devel-linux-x86_64-fedora-gcc | 2.1.1 | 243.25 | NOTE | |||
r-prerel-macos-arm64 | 2.1.1 | 82.00 | NOTE | |||
r-prerel-windows-x86_64 | 2.1.1 | 36.00 | 133.00 | 169.00 | NOTE | |
r-patched-linux-x86_64 | 2.1.1 | 46.91 | 118.11 | 165.02 | NOTE | |
r-release-linux-x86_64 | 2.1.1 | 40.29 | 116.63 | 156.92 | NOTE | |
r-release-macos-arm64 | 2.1.1 | 87.00 | NOTE | |||
r-release-macos-x86_64 | 2.1.1 | 121.00 | NOTE | |||
r-release-windows-x86_64 | 2.1.1 | 41.00 | 148.00 | 189.00 | NOTE | |
r-oldrel-macos-arm64 | 2.1.1 | 75.00 | NOTE | |||
r-oldrel-windows-x86_64 | 2.1.1 | 43.00 | 155.00 | 198.00 | OK |
Version: 2.1.1
Check: C++ specification
Result: NOTE
Specified C++11: please drop specification unless essential
Flavors: r-devel-linux-x86_64-debian-clang, r-devel-linux-x86_64-debian-gcc, r-devel-linux-x86_64-fedora-clang, r-devel-linux-x86_64-fedora-gcc, r-prerel-macos-arm64, r-prerel-windows-x86_64, r-patched-linux-x86_64, r-release-linux-x86_64, r-release-macos-arm64, r-release-macos-x86_64, r-release-windows-x86_64
Version: 2.1.1
Check: Rd files
Result: NOTE
checkRd: (-1) boot_eip.Rd:50: Escaped LaTeX specials: \&
checkRd: (-1) constrained.Rd:93: Escaped LaTeX specials: \&
Flavors: r-devel-linux-x86_64-debian-clang, r-devel-linux-x86_64-debian-gcc, r-devel-linux-x86_64-fedora-clang, r-devel-linux-x86_64-fedora-gcc, r-prerel-macos-arm64, r-prerel-windows-x86_64, r-patched-linux-x86_64, r-release-linux-x86_64, r-release-macos-arm64, r-release-macos-x86_64, r-release-windows-x86_64
Version: 2.1.1
Check: dependencies in R code
Result: NOTE
Namespaces in Imports field not imported from:
‘Rdpack’ ‘mathjaxr’
All declared Imports should be used.
Flavors: r-devel-linux-x86_64-fedora-clang, r-devel-linux-x86_64-fedora-gcc, r-oldrel-macos-arm64
Version: 2.1.1
Check: package dependencies
Result: NOTE
Packages suggested but not available for checking:
'car', 'NetworkToolbox', 'NetworkComparisonTest'
Flavor: r-release-macos-x86_64