Last updated on 2024-04-20 07:56:06 CEST.
Flavor | Version | Tinstall | Tcheck | Ttotal | Status | Flags |
---|---|---|---|---|---|---|
r-devel-linux-x86_64-debian-clang | 0.1.0 | 46.07 | 90.61 | 136.68 | OK | |
r-devel-linux-x86_64-debian-gcc | 0.1.0 | 37.25 | 62.99 | 100.24 | OK | |
r-devel-linux-x86_64-fedora-clang | 0.1.0 | 179.80 | OK | |||
r-devel-linux-x86_64-fedora-gcc | 0.1.0 | 171.51 | OK | |||
r-prerel-macos-arm64 | 0.1.0 | 43.00 | OK | |||
r-prerel-windows-x86_64 | 0.1.0 | 38.00 | 97.00 | 135.00 | OK | |
r-patched-linux-x86_64 | 0.1.0 | 47.96 | 83.65 | 131.61 | OK | |
r-release-linux-x86_64 | 0.1.0 | 49.42 | 85.54 | 134.96 | OK | |
r-release-macos-arm64 | 0.1.0 | 51.00 | OK | |||
r-release-macos-x86_64 | 0.1.0 | 80.00 | OK | |||
r-release-windows-x86_64 | 0.1.0 | 51.00 | 117.00 | 168.00 | OK | |
r-oldrel-macos-arm64 | 0.1.0 | 46.00 | ERROR | |||
r-oldrel-windows-x86_64 | 0.1.0 | 49.00 | 113.00 | 162.00 | OK |
Version: 0.1.0
Check: PDF version of manual
Result: WARN
LaTeX errors when creating PDF version.
This typically indicates Rd problems.
LaTeX errors found:
! Undefined control sequence.
<argument> ...s ,C_k)^\top = \mathbf {0}\,\,\text
{and}\,\,\mathcal H_0: \ma...
l.238 ...H} (B_1,\ldots,B_k)^\top = \mathbf{0},}{}
! Undefined control sequence.
<argument> ...\mathbf {C} = \mathbf {0}\,\, \text
{or}\,\,\mathcal H_{0,\ell...
l.249 ...{B} = \mathbf{0}, \,\,\ell=1,\ldots,q,}{}
! Undefined control sequence.
<argument> h_{\ell }^{\top }\pmb
{C}
l.251 ...s \eqn{\mathbf{h_{\ell}^{\top}\pmb{C}}}{}
and
! Undefined control sequence.
<argument> h_{\ell }^{\top }\pmb
{B}
l.252 \eqn{\mathbf{h_{\ell}^{\top}\pmb{B}}}{}
, respectively, are calculated.
! Undefined control sequence.
<argument> h_{\ell }^{\top }\pmb
{C}
l.265 ...r \eqn{\mathbf{h_{\ell}^{\top}\pmb{C}}}{}
and
! Undefined control sequence.
<argument> h_{\ell }^{\top }\pmb
{B}
l.266 for \eqn{\mathbf{h_{\ell}^{\top}\pmb{B}}}{}
, the test statistics and c...
Flavor: r-oldrel-macos-arm64
Version: 0.1.0
Check: PDF version of manual without index
Result: ERROR
Flavor: r-oldrel-macos-arm64