Last updated on 2023-09-20 19:54:43 CEST.
Flavor | Version | Tinstall | Tcheck | Ttotal | Status | Flags |
---|---|---|---|---|---|---|
r-devel-linux-x86_64-debian-clang | 0.3.3 | 6.18 | 75.30 | 81.48 | NOTE | |
r-devel-linux-x86_64-debian-gcc | 0.3.3 | 6.12 | 56.63 | 62.75 | NOTE | |
r-devel-linux-x86_64-fedora-clang | 0.3.3 | 104.04 | NOTE | |||
r-devel-linux-x86_64-fedora-gcc | 0.3.3 | 112.66 | NOTE | |||
r-devel-windows-x86_64 | 0.3.3 | 9.00 | 77.00 | 86.00 | NOTE | |
r-patched-linux-x86_64 | 0.3.3 | 6.45 | 73.88 | 80.33 | NOTE | |
r-release-linux-x86_64 | 0.3.3 | 4.91 | 73.97 | 78.88 | NOTE | |
r-release-macos-arm64 | 0.3.3 | 45.00 | NOTE | |||
r-release-macos-x86_64 | 0.3.3 | 53.00 | NOTE | |||
r-release-windows-x86_64 | 0.3.3 | 10.00 | 85.00 | 95.00 | NOTE | |
r-oldrel-macos-arm64 | 0.3.3 | 29.00 | NOTE | |||
r-oldrel-macos-x86_64 | 0.3.3 | 67.00 | NOTE | |||
r-oldrel-windows-x86_64 | 0.3.3 | 10.00 | 91.00 | 101.00 | NOTE |
Version: 0.3.3
Check: package dependencies
Result: NOTE
Package suggested but not available for checking: ‘RGtk2’
Flavors: r-devel-linux-x86_64-debian-clang, r-devel-linux-x86_64-debian-gcc, r-devel-linux-x86_64-fedora-clang, r-devel-linux-x86_64-fedora-gcc, r-devel-windows-x86_64, r-patched-linux-x86_64, r-release-linux-x86_64, r-release-macos-arm64, r-release-macos-x86_64, r-release-windows-x86_64, r-oldrel-macos-arm64, r-oldrel-macos-x86_64, r-oldrel-windows-x86_64