Last updated on 2023-06-08 19:54:10 CEST.
Flavor | Version | Tinstall | Tcheck | Ttotal | Status | Flags |
---|---|---|---|---|---|---|
r-devel-linux-x86_64-debian-clang | 1.1.9 | 102.35 | 133.63 | 235.98 | NOTE | |
r-devel-linux-x86_64-debian-gcc | 1.1.9 | 79.90 | 103.50 | 183.40 | NOTE | |
r-devel-linux-x86_64-fedora-clang | 1.1.9 | 348.27 | NOTE | |||
r-devel-linux-x86_64-fedora-gcc | 1.1.9 | 318.68 | NOTE | |||
r-devel-windows-x86_64 | 1.1.9 | 100.00 | 161.00 | 261.00 | OK | |
r-patched-linux-x86_64 | 1.1.9 | 91.67 | 127.82 | 219.49 | NOTE | |
r-release-linux-x86_64 | 1.1.9 | 84.41 | 128.21 | 212.62 | NOTE | |
r-release-macos-arm64 | 1.1.9 | 99.00 | NOTE | |||
r-release-macos-x86_64 | 1.1.9 | 157.00 | NOTE | |||
r-release-windows-x86_64 | 1.1.9 | 128.00 | 198.00 | 326.00 | OK | |
r-oldrel-macos-arm64 | 1.1.9 | 86.00 | OK | |||
r-oldrel-macos-x86_64 | 1.1.9 | 126.00 | OK | |||
r-oldrel-windows-x86_64 | 1.1.9 | 125.00 | 196.00 | 321.00 | OK |
Version: 1.1.9
Check: C++ specification
Result: NOTE
Specified C++11: please drop specification unless essential
Flavors: r-devel-linux-x86_64-debian-clang, r-devel-linux-x86_64-debian-gcc, r-devel-linux-x86_64-fedora-clang, r-devel-linux-x86_64-fedora-gcc, r-patched-linux-x86_64, r-release-linux-x86_64, r-release-macos-arm64, r-release-macos-x86_64