Last updated on 2023-09-28 19:59:41 CEST.
Flavor | Version | Tinstall | Tcheck | Ttotal | Status | Flags |
---|---|---|---|---|---|---|
r-devel-linux-x86_64-debian-clang | 1.5.1 | 7.80 | 65.39 | 73.19 | NOTE | |
r-devel-linux-x86_64-debian-gcc | 1.5.1 | 6.56 | 48.78 | 55.34 | NOTE | |
r-devel-linux-x86_64-fedora-clang | 1.5.1 | 88.24 | NOTE | |||
r-devel-linux-x86_64-fedora-gcc | 1.5.1 | 99.23 | NOTE | |||
r-devel-windows-x86_64 | 1.5.1 | 9.00 | 69.00 | 78.00 | NOTE | |
r-patched-linux-x86_64 | 1.5.1 | 6.61 | 61.62 | 68.23 | NOTE | |
r-release-linux-x86_64 | 1.5.1 | 5.91 | 62.17 | 68.08 | NOTE | |
r-release-macos-arm64 | 1.5.1 | 39.00 | NOTE | |||
r-release-macos-x86_64 | 1.5.1 | 62.00 | NOTE | |||
r-release-windows-x86_64 | 1.5.1 | 11.00 | 75.00 | 86.00 | NOTE | |
r-oldrel-macos-arm64 | 1.5.1 | 59.00 | NOTE | |||
r-oldrel-macos-x86_64 | 1.5.1 | 64.00 | NOTE | |||
r-oldrel-windows-x86_64 | 1.5.1 | 12.00 | 77.00 | 89.00 | NOTE |
Version: 1.5.1
Check: LazyData
Result: NOTE
'LazyData' is specified without a 'data' directory
Flavors: r-devel-linux-x86_64-debian-clang, r-devel-linux-x86_64-debian-gcc, r-devel-linux-x86_64-fedora-clang, r-devel-linux-x86_64-fedora-gcc, r-devel-windows-x86_64, r-patched-linux-x86_64, r-release-linux-x86_64, r-release-macos-arm64, r-release-macos-x86_64, r-release-windows-x86_64, r-oldrel-macos-arm64, r-oldrel-macos-x86_64, r-oldrel-windows-x86_64