Last updated on 2024-04-20 07:56:06 CEST.
Flavor | Version | Tinstall | Tcheck | Ttotal | Status | Flags |
---|---|---|---|---|---|---|
r-devel-linux-x86_64-debian-clang | 1.5.5 | 7.07 | 50.97 | 58.04 | OK | |
r-devel-linux-x86_64-debian-gcc | 1.5.5 | 5.33 | 38.80 | 44.13 | OK | |
r-devel-linux-x86_64-fedora-clang | 1.5.5 | 74.49 | NOTE | |||
r-devel-linux-x86_64-fedora-gcc | 1.5.5 | 81.79 | OK | |||
r-prerel-macos-arm64 | 1.5.5 | 30.00 | OK | |||
r-prerel-macos-x86_64 | 1.5.5 | 78.00 | OK | |||
r-prerel-windows-x86_64 | 1.5.5 | 7.00 | 66.00 | 73.00 | OK | |
r-patched-linux-x86_64 | 1.5.5 | 5.03 | 48.62 | 53.65 | OK | |
r-release-linux-x86_64 | 1.5.5 | 7.07 | 49.20 | 56.27 | OK | |
r-release-macos-arm64 | 1.5.5 | 42.00 | OK | |||
r-release-macos-x86_64 | 1.5.5 | 78.00 | OK | |||
r-release-windows-x86_64 | 1.5.5 | 9.00 | 70.00 | 79.00 | OK | |
r-oldrel-macos-arm64 | 1.5.5 | 37.00 | OK | |||
r-oldrel-windows-x86_64 | 1.5.5 | 9.00 | 71.00 | 80.00 | OK |
Version: 1.5.5
Check: Rd cross-references
Result: NOTE
Undeclared package ‘mmap’ in Rd xrefs
Flavor: r-devel-linux-x86_64-fedora-clang