Last updated on 2024-03-28 19:48:32 CET.
Flavor | Version | Tinstall | Tcheck | Ttotal | Status | Flags |
---|---|---|---|---|---|---|
r-devel-linux-x86_64-debian-clang | 1.0.2 | 48.69 | 30.25 | 78.94 | OK | |
r-devel-linux-x86_64-debian-gcc | 1.0.2 | 41.70 | 22.99 | 64.69 | OK | |
r-devel-linux-x86_64-fedora-clang | 1.0.2 | 108.69 | NOTE | |||
r-devel-linux-x86_64-fedora-gcc | 1.0.2 | 112.68 | NOTE | |||
r-devel-windows-x86_64 | 1.0.2 | 39.00 | 67.00 | 106.00 | OK | |
r-patched-linux-x86_64 | 1.0.2 | 53.83 | 28.61 | 82.44 | OK | |
r-release-linux-x86_64 | 1.0.2 | 54.25 | 29.76 | 84.01 | OK | |
r-release-macos-arm64 | 1.0.2 | 35.00 | OK | |||
r-release-macos-x86_64 | 1.0.2 | 54.00 | OK | |||
r-release-windows-x86_64 | 1.0.2 | 49.00 | 77.00 | 126.00 | OK | |
r-oldrel-macos-arm64 | 1.0.2 | 35.00 | OK | |||
r-oldrel-windows-x86_64 | 1.0.2 | 44.00 | 74.00 | 118.00 | OK |
Version: 1.0.2
Check: compiled code
Result: NOTE
File ‘GEEaSPU/libs/GEEaSPU.so’:
Found no calls to: ‘R_registerRoutines’, ‘R_useDynamicSymbols’
It is good practice to register native routines and to disable symbol
search.
See ‘Writing portable packages’ in the ‘Writing R Extensions’ manual.
Flavors: r-devel-linux-x86_64-fedora-clang, r-devel-linux-x86_64-fedora-gcc