Last updated on 2023-06-03 08:05:43 CEST.
Flavor | Version | Tinstall | Tcheck | Ttotal | Status | Flags |
---|---|---|---|---|---|---|
r-devel-linux-x86_64-debian-clang | 1.0.2 | 56.51 | 29.08 | 85.59 | OK | |
r-devel-linux-x86_64-debian-gcc | 1.0.2 | 37.04 | 23.17 | 60.21 | OK | |
r-devel-linux-x86_64-fedora-clang | 1.0.2 | 108.14 | NOTE | |||
r-devel-linux-x86_64-fedora-gcc | 1.0.2 | 115.56 | NOTE | |||
r-devel-windows-x86_64 | 1.0.2 | 38.00 | 70.00 | 108.00 | OK | |
r-patched-linux-x86_64 | 1.0.2 | OK | ||||
r-release-linux-x86_64 | 1.0.2 | 41.62 | 28.68 | 70.30 | OK | |
r-release-macos-arm64 | 1.0.2 | 35.00 | OK | |||
r-release-macos-x86_64 | 1.0.2 | 54.00 | OK | |||
r-release-windows-x86_64 | 1.0.2 | 48.00 | 74.00 | 122.00 | OK | |
r-oldrel-macos-arm64 | 1.0.2 | 35.00 | OK | |||
r-oldrel-macos-x86_64 | 1.0.2 | 44.00 | OK | |||
r-oldrel-windows-x86_64 | 1.0.2 | 44.00 | 70.00 | 114.00 | OK |
Version: 1.0.2
Check: compiled code
Result: NOTE
File ‘GEEaSPU/libs/GEEaSPU.so’:
Found no calls to: ‘R_registerRoutines’, ‘R_useDynamicSymbols’
It is good practice to register native routines and to disable symbol
search.
See ‘Writing portable packages’ in the ‘Writing R Extensions’ manual.
Flavors: r-devel-linux-x86_64-fedora-clang, r-devel-linux-x86_64-fedora-gcc