CRAN Package Check Results for Package GB2group

Last updated on 2023-10-01 08:51:59 CEST.

Flavor Version Tinstall Tcheck Ttotal Status Flags
r-devel-linux-x86_64-debian-clang 0.3.0 11.41 99.70 111.11 NOTE
r-devel-linux-x86_64-debian-gcc 0.3.0 10.59 74.67 85.26 NOTE
r-devel-linux-x86_64-fedora-clang 0.3.0 135.31 NOTE
r-devel-linux-x86_64-fedora-gcc 0.3.0 138.64 NOTE
r-devel-windows-x86_64 0.3.0 11.00 91.00 102.00 NOTE
r-patched-linux-x86_64 0.3.0 12.68 95.03 107.71 NOTE
r-release-linux-x86_64 0.3.0 13.60 96.23 109.83 NOTE
r-release-macos-arm64 0.3.0 42.00 NOTE
r-release-macos-x86_64 0.3.0 67.00 NOTE
r-release-windows-x86_64 0.3.0 14.00 101.00 115.00 NOTE
r-oldrel-macos-arm64 0.3.0 34.00 NOTE
r-oldrel-macos-x86_64 0.3.0 67.00 NOTE
r-oldrel-windows-x86_64 0.3.0 15.00 98.00 113.00 NOTE

Check Details

Version: 0.3.0
Check: LazyData
Result: NOTE
     'LazyData' is specified without a 'data' directory
Flavors: r-devel-linux-x86_64-debian-clang, r-devel-linux-x86_64-debian-gcc, r-devel-linux-x86_64-fedora-clang, r-devel-linux-x86_64-fedora-gcc, r-devel-windows-x86_64, r-patched-linux-x86_64, r-release-linux-x86_64, r-release-macos-arm64, r-release-macos-x86_64, r-release-windows-x86_64, r-oldrel-macos-arm64, r-oldrel-macos-x86_64, r-oldrel-windows-x86_64