Last updated on 2023-06-09 19:56:24 CEST.
Flavor | Version | Tinstall | Tcheck | Ttotal | Status | Flags |
---|---|---|---|---|---|---|
r-devel-linux-x86_64-debian-clang | 0.3.4 | 481.49 | 91.95 | 573.44 | OK | |
r-devel-linux-x86_64-debian-gcc | 0.3.4 | 358.26 | 69.07 | 427.33 | OK | |
r-devel-linux-x86_64-fedora-clang | 0.3.4 | 880.85 | OK | |||
r-devel-linux-x86_64-fedora-gcc | 0.3.4 | 853.21 | OK | |||
r-devel-windows-x86_64 | 0.3.4 | 354.00 | 116.00 | 470.00 | OK | |
r-patched-linux-x86_64 | 0.3.4 | 390.73 | 90.72 | 481.45 | OK | |
r-release-linux-x86_64 | 0.3.4 | 383.74 | 90.72 | 474.46 | OK | |
r-release-macos-arm64 | 0.3.4 | 167.00 | NOTE | |||
r-release-macos-x86_64 | 0.3.4 | 311.00 | NOTE | |||
r-release-windows-x86_64 | 0.3.4 | 458.00 | 134.00 | 592.00 | OK | |
r-oldrel-macos-arm64 | 0.3.4 | 163.00 | NOTE | |||
r-oldrel-macos-x86_64 | 0.3.4 | 191.00 | NOTE | |||
r-oldrel-windows-x86_64 | 0.3.4 | 439.00 | 132.00 | 571.00 | OK |
Version: 0.3.4
Check: installed package size
Result: NOTE
installed size is 12.2Mb
sub-directories of 1Mb or more:
data 1.4Mb
libs 10.1Mb
Flavors: r-release-macos-arm64, r-release-macos-x86_64, r-oldrel-macos-arm64, r-oldrel-macos-x86_64