Last updated on 2024-03-18 18:50:20 CET.
Flavor | Version | Tinstall | Tcheck | Ttotal | Status | Flags |
---|---|---|---|---|---|---|
r-devel-linux-x86_64-debian-clang | 3.2.4 | 61.16 | 115.35 | 176.51 | OK | |
r-devel-linux-x86_64-debian-gcc | 3.2.4 | 42.05 | 87.07 | 129.12 | OK | |
r-devel-linux-x86_64-fedora-clang | 3.2.4 | 223.80 | NOTE | |||
r-devel-linux-x86_64-fedora-gcc | 3.2.4 | 239.73 | OK | |||
r-devel-windows-x86_64 | 3.2.4 | 44.00 | 116.00 | 160.00 | NOTE | |
r-patched-linux-x86_64 | 3.2.4 | 57.10 | 114.29 | 171.39 | OK | |
r-release-linux-x86_64 | 3.2.4 | 52.94 | 114.08 | 167.02 | OK | |
r-release-macos-arm64 | 3.2.4 | 63.00 | NOTE | |||
r-release-macos-x86_64 | 3.2.4 | 171.00 | NOTE | |||
r-release-windows-x86_64 | 3.2.4 | 55.00 | 136.00 | 191.00 | NOTE | |
r-oldrel-macos-arm64 | 3.2.4 | 58.00 | NOTE | |||
r-oldrel-windows-x86_64 | 3.2.4 | 53.00 | 135.00 | 188.00 | NOTE |
Version: 3.2.4
Check: installed package size
Result: NOTE
installed size is 32.9Mb
sub-directories of 1Mb or more:
doc 31.8Mb
Flavors: r-devel-linux-x86_64-fedora-clang, r-devel-windows-x86_64, r-release-macos-arm64, r-release-macos-x86_64, r-release-windows-x86_64, r-oldrel-macos-arm64, r-oldrel-windows-x86_64