Last updated on 2023-09-25 20:08:48 CEST.
Flavor | Version | Tinstall | Tcheck | Ttotal | Status | Flags |
---|---|---|---|---|---|---|
r-devel-linux-x86_64-debian-clang | 0.4.2 | 7.22 | 108.33 | 115.55 | NOTE | |
r-devel-linux-x86_64-debian-gcc | 0.4.2 | 6.37 | 81.38 | 87.75 | NOTE | |
r-devel-linux-x86_64-fedora-clang | 0.4.2 | 141.85 | NOTE | |||
r-devel-linux-x86_64-fedora-gcc | 0.4.2 | 144.11 | NOTE | |||
r-devel-windows-x86_64 | 0.4.2 | 9.00 | 93.00 | 102.00 | NOTE | |
r-patched-linux-x86_64 | 0.4.2 | 5.71 | 101.74 | 107.45 | OK | |
r-release-linux-x86_64 | 0.4.2 | 5.91 | 102.59 | 108.50 | OK | |
r-release-macos-arm64 | 0.4.2 | 47.00 | OK | |||
r-release-macos-x86_64 | 0.4.2 | 87.00 | OK | |||
r-release-windows-x86_64 | 0.4.2 | 10.00 | 109.00 | 119.00 | OK | |
r-oldrel-macos-arm64 | 0.4.2 | 54.00 | OK | |||
r-oldrel-macos-x86_64 | 0.4.2 | 66.00 | OK | |||
r-oldrel-windows-x86_64 | 0.4.2 | 10.00 | 111.00 | 121.00 | OK |
Version: 0.4.2
Check: Rd \usage sections
Result: NOTE
Documented arguments not in \usage in documentation object 'build_limits_lookup':
‘min_preds’ ‘max_preds’ ‘min_ratio’ ‘max_ratio’ ‘draw_unadjusted’
Functions with \usage entries need to have the appropriate \alias
entries, and all their arguments documented.
The \usage entries must correspond to syntactically valid R code.
See chapter ‘Writing R documentation files’ in the ‘Writing R
Extensions’ manual.
Flavors: r-devel-linux-x86_64-debian-clang, r-devel-linux-x86_64-debian-gcc, r-devel-linux-x86_64-fedora-clang, r-devel-linux-x86_64-fedora-gcc, r-devel-windows-x86_64