Last updated on 2024-04-20 07:56:05 CEST.
Flavor | Version | Tinstall | Tcheck | Ttotal | Status | Flags |
---|---|---|---|---|---|---|
r-devel-linux-x86_64-debian-clang | 1.3.1 | 15.56 | 214.34 | 229.90 | OK | |
r-devel-linux-x86_64-debian-gcc | 1.3.1 | 13.26 | 151.23 | 164.49 | OK | |
r-devel-linux-x86_64-fedora-clang | 1.3.1 | 281.52 | NOTE | |||
r-devel-linux-x86_64-fedora-gcc | 1.3.1 | 263.16 | OK | |||
r-prerel-macos-arm64 | 1.3.1 | 62.00 | OK | |||
r-prerel-windows-x86_64 | 1.3.1 | 14.00 | 158.00 | 172.00 | OK | |
r-patched-linux-x86_64 | 1.3.1 | 22.01 | 203.51 | 225.52 | OK | |
r-release-linux-x86_64 | 1.3.1 | 14.38 | 207.93 | 222.31 | OK | |
r-release-macos-arm64 | 1.3.1 | 74.00 | OK | |||
r-release-macos-x86_64 | 1.3.1 | 139.00 | OK | |||
r-release-windows-x86_64 | 1.3.1 | 20.00 | 210.00 | 230.00 | OK | |
r-oldrel-macos-arm64 | 1.3.1 | 76.00 | OK | |||
r-oldrel-windows-x86_64 | 1.3.1 | 19.00 | 201.00 | 220.00 | OK |
Version: 1.3.1
Check: Rd cross-references
Result: NOTE
Undeclared package ‘ForecastCombinations’ in Rd xrefs
Flavor: r-devel-linux-x86_64-fedora-clang