CRAN Package Check Results for Package ForecastComb

Last updated on 2023-09-25 20:08:48 CEST.

Flavor Version Tinstall Tcheck Ttotal Status Flags
r-devel-linux-x86_64-debian-clang 1.3.1 16.49 222.18 238.67 OK
r-devel-linux-x86_64-debian-gcc 1.3.1 13.83 161.12 174.95 OK
r-devel-linux-x86_64-fedora-clang 1.3.1 287.49 NOTE
r-devel-linux-x86_64-fedora-gcc 1.3.1 274.98 OK
r-devel-windows-x86_64 1.3.1 15.00 157.00 172.00 OK
r-patched-linux-x86_64 1.3.1 18.22 204.91 223.13 OK
r-release-linux-x86_64 1.3.1 12.33 202.49 214.82 OK
r-release-macos-arm64 1.3.1 74.00 OK
r-release-macos-x86_64 1.3.1 139.00 OK
r-release-windows-x86_64 1.3.1 21.00 206.00 227.00 OK
r-oldrel-macos-arm64 1.3.1 76.00 OK
r-oldrel-macos-x86_64 1.3.1 130.00 OK
r-oldrel-windows-x86_64 1.3.1 20.00 202.00 222.00 OK

Check Details

Version: 1.3.1
Check: Rd cross-references
Result: NOTE
    Undeclared package ‘ForecastCombinations’ in Rd xrefs
Flavor: r-devel-linux-x86_64-fedora-clang