Last updated on 2023-09-25 08:02:27 CEST.
Flavor | Version | Tinstall | Tcheck | Ttotal | Status | Flags |
---|---|---|---|---|---|---|
r-devel-linux-x86_64-debian-clang | 3.1.0 | 11.71 | 103.98 | 115.69 | NOTE | |
r-devel-linux-x86_64-debian-gcc | 3.1.0 | 9.15 | 77.83 | 86.98 | NOTE | |
r-devel-linux-x86_64-fedora-clang | 3.1.0 | 137.09 | NOTE | |||
r-devel-linux-x86_64-fedora-gcc | 3.1.0 | 131.90 | NOTE | |||
r-devel-windows-x86_64 | 3.1.0 | 11.00 | 84.00 | 95.00 | NOTE | |
r-patched-linux-x86_64 | 3.1.0 | 8.13 | 95.52 | 103.65 | NOTE | |
r-release-linux-x86_64 | 3.1.0 | 8.52 | 96.19 | 104.71 | NOTE | |
r-release-macos-arm64 | 3.1.0 | 42.00 | NOTE | |||
r-release-macos-x86_64 | 3.1.0 | 66.00 | NOTE | |||
r-release-windows-x86_64 | 3.1.0 | 14.00 | 101.00 | 115.00 | NOTE | |
r-oldrel-macos-arm64 | 3.1.0 | 36.00 | NOTE | |||
r-oldrel-macos-x86_64 | 3.1.0 | 72.00 | NOTE | |||
r-oldrel-windows-x86_64 | 3.1.0 | 13.00 | 108.00 | 121.00 | NOTE |
Version: 3.1.0
Check: LazyData
Result: NOTE
'LazyData' is specified without a 'data' directory
Flavors: r-devel-linux-x86_64-debian-clang, r-devel-linux-x86_64-debian-gcc, r-devel-linux-x86_64-fedora-clang, r-devel-linux-x86_64-fedora-gcc, r-devel-windows-x86_64, r-patched-linux-x86_64, r-release-linux-x86_64, r-release-macos-arm64, r-release-macos-x86_64, r-release-windows-x86_64, r-oldrel-macos-arm64, r-oldrel-macos-x86_64, r-oldrel-windows-x86_64