Last updated on 2023-06-04 19:53:09 CEST.
Flavor | Version | Tinstall | Tcheck | Ttotal | Status | Flags |
---|---|---|---|---|---|---|
r-devel-linux-x86_64-debian-clang | 1.1.1 | 20.35 | 122.00 | 142.35 | OK | |
r-devel-linux-x86_64-debian-gcc | 1.1.1 | 18.61 | 88.22 | 106.83 | OK | |
r-devel-linux-x86_64-fedora-clang | 1.1.1 | 177.15 | NOTE | |||
r-devel-linux-x86_64-fedora-gcc | 1.1.1 | 179.81 | OK | |||
r-devel-windows-x86_64 | 1.1.1 | 18.00 | 100.00 | 118.00 | NOTE | |
r-patched-linux-x86_64 | 1.1.1 | 25.57 | 113.63 | 139.20 | OK | |
r-release-linux-x86_64 | 1.1.1 | 18.55 | 114.75 | 133.30 | OK | |
r-release-macos-arm64 | 1.1.1 | 51.00 | NOTE | |||
r-release-macos-x86_64 | 1.1.1 | 81.00 | NOTE | |||
r-release-windows-x86_64 | 1.1.1 | 26.00 | 121.00 | 147.00 | NOTE | |
r-oldrel-macos-arm64 | 1.1.1 | 48.00 | NOTE | |||
r-oldrel-macos-x86_64 | 1.1.1 | 60.00 | NOTE | |||
r-oldrel-windows-x86_64 | 1.1.1 | 26.00 | 118.00 | 144.00 | NOTE |
Version: 1.1.1
Check: installed package size
Result: NOTE
installed size is 5.6Mb
sub-directories of 1Mb or more:
data 1.4Mb
extdata 3.8Mb
Flavors: r-devel-linux-x86_64-fedora-clang, r-devel-windows-x86_64, r-release-macos-arm64, r-release-macos-x86_64, r-release-windows-x86_64, r-oldrel-macos-arm64, r-oldrel-macos-x86_64, r-oldrel-windows-x86_64