Last updated on 2023-09-28 08:58:50 CEST.
Flavor | Version | Tinstall | Tcheck | Ttotal | Status | Flags |
---|---|---|---|---|---|---|
r-devel-linux-x86_64-debian-clang | 0.2.0 | 3.57 | 42.24 | 45.81 | OK | |
r-devel-linux-x86_64-debian-gcc | 0.2.0 | 3.38 | 32.32 | 35.70 | OK | |
r-devel-linux-x86_64-fedora-clang | 0.2.0 | 59.66 | NOTE | |||
r-devel-linux-x86_64-fedora-gcc | 0.2.0 | 72.75 | NOTE | |||
r-devel-windows-x86_64 | 0.2.0 | 6.00 | 60.00 | 66.00 | OK | |
r-patched-linux-x86_64 | 0.2.0 | 2.93 | 41.31 | 44.24 | OK | |
r-release-linux-x86_64 | 0.2.0 | 3.26 | 40.94 | 44.20 | OK | |
r-release-macos-arm64 | 0.2.0 | 31.00 | OK | |||
r-release-macos-x86_64 | 0.2.0 | 40.00 | OK | |||
r-release-windows-x86_64 | 0.2.0 | 7.00 | 69.00 | 76.00 | OK | |
r-oldrel-macos-arm64 | 0.2.0 | 21.00 | NOTE | |||
r-oldrel-macos-x86_64 | 0.2.0 | 42.00 | NOTE | |||
r-oldrel-windows-x86_64 | 0.2.0 | 7.00 | 60.00 | 67.00 | OK |
Version: 0.2.0
Check: dependencies in R code
Result: NOTE
Namespaces in Imports field not imported from:
‘knitr’ ‘rmarkdown’ ‘utils’
All declared Imports should be used.
Flavors: r-devel-linux-x86_64-fedora-clang, r-devel-linux-x86_64-fedora-gcc, r-oldrel-macos-arm64, r-oldrel-macos-x86_64