Last updated on 2023-05-28 20:03:57 CEST.
Flavor | Version | Tinstall | Tcheck | Ttotal | Status | Flags |
---|---|---|---|---|---|---|
r-devel-linux-x86_64-debian-clang | 1.1.4 | 213.33 | 92.15 | 305.48 | OK | |
r-devel-linux-x86_64-debian-gcc | 1.1.4 | 199.98 | 71.58 | 271.56 | OK | |
r-devel-linux-x86_64-fedora-clang | 1.1.4 | 468.01 | OK | |||
r-devel-linux-x86_64-fedora-gcc | 1.1.4 | 553.00 | OK | |||
r-devel-windows-x86_64 | 1.1.4 | 185.00 | 124.00 | 309.00 | NOTE | |
r-patched-linux-x86_64 | 1.1.4 | 206.09 | 91.95 | 298.04 | OK | |
r-release-linux-x86_64 | 1.1.4 | 201.86 | 93.00 | 294.86 | OK | |
r-release-macos-arm64 | 1.1.4 | 120.00 | NOTE | |||
r-release-macos-x86_64 | 1.1.4 | 213.00 | NOTE | |||
r-release-windows-x86_64 | 1.1.4 | 241.00 | 153.00 | 394.00 | NOTE | |
r-oldrel-macos-arm64 | 1.1.4 | 111.00 | NOTE | |||
r-oldrel-macos-x86_64 | 1.1.4 | 137.00 | NOTE | |||
r-oldrel-windows-x86_64 | 1.1.4 | 237.00 | 141.00 | 378.00 | NOTE |
Version: 1.1.4
Check: installed package size
Result: NOTE
installed size is 5.7Mb
sub-directories of 1Mb or more:
lib 3.0Mb
libs 2.3Mb
Flavors: r-devel-windows-x86_64, r-release-macos-arm64, r-release-macos-x86_64, r-release-windows-x86_64, r-oldrel-macos-arm64, r-oldrel-macos-x86_64, r-oldrel-windows-x86_64