Last updated on 2024-03-28 07:52:49 CET.
Flavor | Version | Tinstall | Tcheck | Ttotal | Status | Flags |
---|---|---|---|---|---|---|
r-devel-linux-x86_64-debian-clang | 0.1.1 | 87.64 | 34.00 | 121.64 | NOTE | |
r-devel-linux-x86_64-debian-gcc | 0.1.1 | 71.85 | 27.40 | 99.25 | NOTE | |
r-devel-linux-x86_64-fedora-clang | 0.1.1 | 183.94 | NOTE | |||
r-devel-linux-x86_64-fedora-gcc | 0.1.1 | 183.40 | NOTE | |||
r-devel-windows-x86_64 | 0.1.1 | 68.00 | 69.00 | 137.00 | NOTE | |
r-patched-linux-x86_64 | 0.1.1 | 79.87 | 35.02 | 114.89 | NOTE | |
r-release-linux-x86_64 | 0.1.1 | 78.46 | 33.87 | 112.33 | NOTE | |
r-release-macos-arm64 | 0.1.1 | 43.00 | NOTE | |||
r-release-macos-x86_64 | 0.1.1 | 83.00 | NOTE | |||
r-release-windows-x86_64 | 0.1.1 | 85.00 | 78.00 | 163.00 | NOTE | |
r-oldrel-macos-arm64 | 0.1.1 | 41.00 | NOTE | |||
r-oldrel-windows-x86_64 | 0.1.1 | 81.00 | 78.00 | 159.00 | NOTE |
Version: 0.1.1
Check: LazyData
Result: NOTE
'LazyData' is specified without a 'data' directory
Flavors: r-devel-linux-x86_64-debian-clang, r-devel-linux-x86_64-debian-gcc, r-devel-linux-x86_64-fedora-clang, r-devel-linux-x86_64-fedora-gcc, r-devel-windows-x86_64, r-patched-linux-x86_64, r-release-linux-x86_64, r-release-macos-arm64, r-release-macos-x86_64, r-release-windows-x86_64, r-oldrel-macos-arm64, r-oldrel-windows-x86_64