Last updated on 2023-05-30 09:00:34 CEST.
Flavor | Version | Tinstall | Tcheck | Ttotal | Status | Flags |
---|---|---|---|---|---|---|
r-devel-linux-x86_64-debian-clang | 2.2.0 | 43.90 | 44.45 | 88.35 | NOTE | |
r-devel-linux-x86_64-debian-gcc | 2.2.0 | 36.16 | 30.64 | 66.80 | NOTE | |
r-devel-linux-x86_64-fedora-clang | 2.2.0 | 127.55 | NOTE | |||
r-devel-linux-x86_64-fedora-gcc | 2.2.0 | 144.05 | NOTE | |||
r-devel-windows-x86_64 | 2.2.0 | 41.00 | 81.00 | 122.00 | NOTE | |
r-patched-linux-x86_64 | 2.2.0 | 47.63 | 53.53 | 101.16 | NOTE | |
r-release-linux-x86_64 | 2.2.0 | 41.80 | 53.67 | 95.47 | NOTE | |
r-release-macos-arm64 | 2.2.0 | 41.00 | NOTE | |||
r-release-macos-x86_64 | 2.2.0 | 59.00 | NOTE | |||
r-release-windows-x86_64 | 2.2.0 | 46.00 | 86.00 | 132.00 | NOTE | |
r-oldrel-macos-arm64 | 2.2.0 | 36.00 | OK | |||
r-oldrel-macos-x86_64 | 2.2.0 | 46.00 | OK | |||
r-oldrel-windows-x86_64 | 2.2.0 | 47.00 | 80.00 | 127.00 | OK |
Version: 2.2.0
Check: C++ specification
Result: NOTE
Specified C++11: please drop specification unless essential
Flavors: r-devel-linux-x86_64-debian-clang, r-devel-linux-x86_64-debian-gcc, r-devel-linux-x86_64-fedora-clang, r-devel-linux-x86_64-fedora-gcc, r-devel-windows-x86_64, r-patched-linux-x86_64, r-release-linux-x86_64, r-release-macos-arm64, r-release-macos-x86_64, r-release-windows-x86_64