CRAN Package Check Results for Package FamilyRank

Last updated on 2023-06-03 08:05:42 CEST.

Flavor Version Tinstall Tcheck Ttotal Status Flags
r-devel-linux-x86_64-debian-clang 1.0 27.27 32.10 59.37 NOTE
r-devel-linux-x86_64-debian-gcc 1.0 25.86 25.65 51.51 NOTE
r-devel-linux-x86_64-fedora-clang 1.0 90.64 NOTE
r-devel-linux-x86_64-fedora-gcc 1.0 89.78 NOTE
r-devel-windows-x86_64 1.0 25.00 73.00 98.00 NOTE
r-patched-linux-x86_64 1.0 NOTE
r-release-linux-x86_64 1.0 25.45 30.95 56.40 NOTE
r-release-macos-arm64 1.0 27.00 NOTE
r-release-macos-x86_64 1.0 42.00 NOTE
r-release-windows-x86_64 1.0 34.00 77.00 111.00 NOTE
r-oldrel-macos-arm64 1.0 25.00 NOTE
r-oldrel-macos-x86_64 1.0 34.00 NOTE
r-oldrel-windows-x86_64 1.0 32.00 73.00 105.00 NOTE

Check Details

Version: 1.0
Check: C++ specification
Result: NOTE
     Specified C++11: please drop specification unless essential
Flavors: r-devel-linux-x86_64-debian-clang, r-devel-linux-x86_64-debian-gcc, r-devel-linux-x86_64-fedora-clang, r-devel-linux-x86_64-fedora-gcc, r-devel-windows-x86_64, r-patched-linux-x86_64, r-release-linux-x86_64, r-release-macos-arm64, r-release-macos-x86_64, r-release-windows-x86_64

Version: 1.0
Check: LazyData
Result: NOTE
     'LazyData' is specified without a 'data' directory
Flavors: r-devel-linux-x86_64-debian-clang, r-devel-linux-x86_64-debian-gcc, r-devel-linux-x86_64-fedora-clang, r-devel-linux-x86_64-fedora-gcc, r-devel-windows-x86_64, r-patched-linux-x86_64, r-release-linux-x86_64, r-release-macos-arm64, r-release-macos-x86_64, r-release-windows-x86_64, r-oldrel-macos-arm64, r-oldrel-macos-x86_64, r-oldrel-windows-x86_64