CRAN Package Check Results for Package FactorsR

Last updated on 2023-10-01 19:57:44 CEST.

Flavor Version Tinstall Tcheck Ttotal Status Flags
r-devel-linux-x86_64-debian-clang 1.5 3.61 48.07 51.68 NOTE
r-devel-linux-x86_64-debian-gcc 1.5 3.24 37.96 41.20 NOTE
r-devel-linux-x86_64-fedora-clang 1.5 70.06 NOTE
r-devel-linux-x86_64-fedora-gcc 1.5 70.59 NOTE
r-devel-windows-x86_64 1.5 3.00 56.00 59.00 NOTE
r-patched-linux-x86_64 1.5 3.37 47.17 50.54 NOTE
r-release-linux-x86_64 1.5 3.68 47.91 51.59 NOTE
r-release-macos-arm64 1.5 28.00 NOTE
r-release-macos-x86_64 1.5 39.00 NOTE
r-release-windows-x86_64 1.5 4.00 68.00 72.00 NOTE
r-oldrel-macos-arm64 1.5 25.00 OK
r-oldrel-macos-x86_64 1.5 31.00 NOTE
r-oldrel-windows-x86_64 1.5 6.00 68.00 74.00 NOTE

Check Details

Version: 1.5
Check: package dependencies
Result: NOTE
    Package suggested but not available for checking: ‘hier.part’
Flavors: r-devel-linux-x86_64-debian-clang, r-devel-linux-x86_64-debian-gcc, r-devel-linux-x86_64-fedora-clang, r-devel-linux-x86_64-fedora-gcc, r-devel-windows-x86_64, r-patched-linux-x86_64, r-release-linux-x86_64, r-release-macos-arm64, r-release-macos-x86_64, r-release-windows-x86_64, r-oldrel-windows-x86_64

Version: 1.5
Check: Rd cross-references
Result: NOTE
    Unknown package ‘hier.part’ in Rd xrefs
Flavors: r-devel-linux-x86_64-debian-clang, r-devel-linux-x86_64-debian-gcc, r-devel-linux-x86_64-fedora-gcc, r-devel-windows-x86_64, r-patched-linux-x86_64, r-release-linux-x86_64, r-release-macos-arm64, r-release-macos-x86_64, r-release-windows-x86_64, r-oldrel-windows-x86_64

Version: 1.5
Check: Rd cross-references
Result: NOTE
    Undeclared package ‘SciViews’ in Rd xrefs
    Unknown package ‘hier.part’ in Rd xrefs
Flavor: r-devel-linux-x86_64-fedora-clang

Version: 1.5
Check: data for non-ASCII characters
Result: NOTE
     Note: found 5 marked Latin-1 strings
Flavors: r-devel-linux-x86_64-fedora-clang, r-devel-linux-x86_64-fedora-gcc, r-oldrel-macos-x86_64