Last updated on 2024-04-19 07:56:41 CEST.
Flavor | Version | Tinstall | Tcheck | Ttotal | Status | Flags |
---|---|---|---|---|---|---|
r-devel-linux-x86_64-debian-clang | 0.34 | 6.49 | 80.19 | 86.68 | NOTE | |
r-devel-linux-x86_64-debian-gcc | 0.34 | NOTE | ||||
r-devel-linux-x86_64-fedora-clang | 0.34 | 111.29 | NOTE | |||
r-devel-linux-x86_64-fedora-gcc | 0.34 | 118.12 | NOTE | |||
r-prerel-macos-arm64 | 0.34 | 30.00 | NOTE | |||
r-prerel-windows-x86_64 | 0.34 | 9.00 | 75.00 | 84.00 | NOTE | |
r-patched-linux-x86_64 | 0.34 | 9.09 | 79.43 | 88.52 | NOTE | |
r-release-linux-x86_64 | 0.34 | 8.40 | 78.32 | 86.72 | OK | |
r-release-macos-arm64 | 0.34 | 37.00 | OK | |||
r-release-macos-x86_64 | 0.34 | 71.00 | OK | |||
r-release-windows-x86_64 | 0.34 | 9.00 | 81.00 | 90.00 | OK | |
r-oldrel-macos-arm64 | 0.34 | 34.00 | OK | |||
r-oldrel-windows-x86_64 | 0.34 | 11.00 | 87.00 | 98.00 | OK |
Version: 0.34
Check: Rd files
Result: NOTE
checkRd: (-1) FSelector-package.Rd:14: Lost braces in \itemize; meant \describe ?
checkRd: (-1) FSelector-package.Rd:15: Lost braces in \itemize; meant \describe ?
checkRd: (-1) FSelector-package.Rd:16: Lost braces in \itemize; meant \describe ?
checkRd: (-1) FSelector-package.Rd:17: Lost braces in \itemize; meant \describe ?
checkRd: (-1) relief.Rd:21: Lost braces in \itemize; meant \describe ?
checkRd: (-1) relief.Rd:22: Lost braces in \itemize; meant \describe ?
Flavors: r-devel-linux-x86_64-debian-clang, r-devel-linux-x86_64-debian-gcc, r-devel-linux-x86_64-fedora-clang, r-devel-linux-x86_64-fedora-gcc, r-prerel-macos-arm64, r-prerel-windows-x86_64, r-patched-linux-x86_64