Last updated on 2024-04-25 20:48:22 CEST.
Flavor | Version | Tinstall | Tcheck | Ttotal | Status | Flags |
---|---|---|---|---|---|---|
r-devel-linux-x86_64-debian-clang | 0.1.2 | 26.41 | 65.67 | 92.08 | NOTE | |
r-devel-linux-x86_64-debian-gcc | 0.1.2 | 21.20 | 49.02 | 70.22 | NOTE | |
r-devel-linux-x86_64-fedora-clang | 0.1.2 | 124.06 | NOTE | |||
r-devel-linux-x86_64-fedora-gcc | 0.1.2 | 117.05 | NOTE | |||
r-devel-windows-x86_64 | 0.1.2 | 25.00 | 81.00 | 106.00 | NOTE | |
r-patched-linux-x86_64 | 0.1.2 | 25.85 | 60.81 | 86.66 | NOTE | |
r-release-linux-x86_64 | 0.1.2 | 25.61 | 65.07 | 90.68 | NOTE | |
r-release-macos-arm64 | 0.1.2 | 35.00 | NOTE | |||
r-release-windows-x86_64 | 0.1.2 | 22.00 | 83.00 | 105.00 | NOTE | |
r-oldrel-macos-arm64 | 0.1.2 | 38.00 | NOTE | |||
r-oldrel-macos-x86_64 | 0.1.2 | 63.00 | NOTE | |||
r-oldrel-windows-x86_64 | 0.1.2 | 30.00 | 102.00 | 132.00 | NOTE |
Version: 0.1.2
Check: C++ specification
Result: NOTE
Specified C++11: please drop specification unless essential
Flavors: r-devel-linux-x86_64-debian-clang, r-devel-linux-x86_64-debian-gcc, r-devel-linux-x86_64-fedora-clang, r-devel-linux-x86_64-fedora-gcc, r-devel-windows-x86_64, r-patched-linux-x86_64, r-release-linux-x86_64, r-release-macos-arm64, r-release-windows-x86_64, r-oldrel-macos-arm64, r-oldrel-macos-x86_64, r-oldrel-windows-x86_64