Last updated on 2023-06-01 08:56:02 CEST.
Flavor | Version | Tinstall | Tcheck | Ttotal | Status | Flags |
---|---|---|---|---|---|---|
r-devel-linux-x86_64-debian-clang | 3.4.4 | 120.26 | 184.91 | 305.17 | OK | |
r-devel-linux-x86_64-debian-gcc | 3.4.4 | 95.96 | 138.03 | 233.99 | OK | |
r-devel-linux-x86_64-fedora-clang | 3.4.4 | 400.76 | OK | |||
r-devel-linux-x86_64-fedora-gcc | 3.4.4 | 402.79 | OK | |||
r-devel-windows-x86_64 | 3.4.4 | 88.00 | 161.00 | 249.00 | OK | |
r-patched-linux-x86_64 | 3.4.4 | OK | ||||
r-release-linux-x86_64 | 3.4.4 | 79.12 | 177.45 | 256.57 | OK | |
r-release-macos-arm64 | 3.4.4 | 96.00 | NOTE | |||
r-release-macos-x86_64 | 3.4.4 | 167.00 | NOTE | |||
r-release-windows-x86_64 | 3.4.4 | 121.00 | 207.00 | 328.00 | OK | |
r-oldrel-macos-arm64 | 3.4.4 | 75.00 | NOTE | |||
r-oldrel-macos-x86_64 | 3.4.4 | 139.00 | NOTE | |||
r-oldrel-windows-x86_64 | 3.4.4 | 113.00 | 204.00 | 317.00 | OK |
Version: 3.4.4
Check: installed package size
Result: NOTE
installed size is 9.3Mb
sub-directories of 1Mb or more:
doc 1.7Mb
libs 6.5Mb
Flavors: r-release-macos-arm64, r-release-macos-x86_64, r-oldrel-macos-arm64, r-oldrel-macos-x86_64