Last updated on 2024-03-28 07:52:50 CET.
Flavor | Version | Tinstall | Tcheck | Ttotal | Status | Flags |
---|---|---|---|---|---|---|
r-devel-linux-x86_64-debian-clang | 3.4.7 | 127.73 | 199.05 | 326.78 | OK | |
r-devel-linux-x86_64-debian-gcc | 3.4.7 | 102.62 | 139.49 | 242.11 | OK | |
r-devel-linux-x86_64-fedora-clang | 3.4.7 | 429.23 | OK | |||
r-devel-linux-x86_64-fedora-gcc | 3.4.7 | 409.82 | OK | |||
r-devel-windows-x86_64 | 3.4.7 | 98.00 | 168.00 | 266.00 | OK | |
r-patched-linux-x86_64 | 3.4.7 | 88.87 | 186.64 | 275.51 | OK | |
r-release-linux-x86_64 | 3.4.7 | 87.10 | 188.21 | 275.31 | OK | |
r-release-macos-arm64 | 3.4.7 | 103.00 | NOTE | |||
r-release-macos-x86_64 | 3.4.7 | 233.00 | NOTE | |||
r-release-windows-x86_64 | 3.4.7 | 128.00 | 210.00 | 338.00 | OK | |
r-oldrel-macos-arm64 | 3.4.7 | 88.00 | NOTE | |||
r-oldrel-windows-x86_64 | 3.4.7 | 123.00 | 204.00 | 327.00 | OK |
Version: 3.4.7
Check: installed package size
Result: NOTE
installed size is 9.1Mb
sub-directories of 1Mb or more:
doc 1.7Mb
libs 6.2Mb
Flavors: r-release-macos-arm64, r-release-macos-x86_64, r-oldrel-macos-arm64