Last updated on 2024-03-28 19:48:31 CET.
Flavor | Version | Tinstall | Tcheck | Ttotal | Status | Flags |
---|---|---|---|---|---|---|
r-devel-linux-x86_64-debian-clang | 1.0 | 36.53 | 33.22 | 69.75 | NOTE | |
r-devel-linux-x86_64-debian-gcc | 1.0 | 28.75 | 25.64 | 54.39 | NOTE | |
r-devel-linux-x86_64-fedora-clang | 1.0 | 97.27 | NOTE | |||
r-devel-linux-x86_64-fedora-gcc | 1.0 | 100.19 | NOTE | |||
r-devel-windows-x86_64 | 1.0 | 31.00 | 67.00 | 98.00 | NOTE | |
r-patched-linux-x86_64 | 1.0 | 34.67 | 32.59 | 67.26 | NOTE | |
r-release-linux-x86_64 | 1.0 | 40.00 | 31.32 | 71.32 | NOTE | |
r-release-macos-arm64 | 1.0 | 30.00 | NOTE | |||
r-release-macos-x86_64 | 1.0 | 46.00 | NOTE | |||
r-release-windows-x86_64 | 1.0 | 38.00 | 81.00 | 119.00 | NOTE | |
r-oldrel-macos-arm64 | 1.0 | 35.00 | OK | |||
r-oldrel-windows-x86_64 | 1.0 | 38.00 | 77.00 | 115.00 | OK |
Version: 1.0
Check: C++ specification
Result: NOTE
Specified C++11: please drop specification unless essential
Flavors: r-devel-linux-x86_64-debian-clang, r-devel-linux-x86_64-debian-gcc, r-devel-linux-x86_64-fedora-clang, r-devel-linux-x86_64-fedora-gcc, r-devel-windows-x86_64, r-patched-linux-x86_64, r-release-linux-x86_64, r-release-macos-arm64, r-release-macos-x86_64, r-release-windows-x86_64