CRAN Package Check Results for Package ExpertChoice

Last updated on 2023-11-28 07:53:01 CET.

Flavor Version Tinstall Tcheck Ttotal Status Flags
r-devel-linux-x86_64-debian-clang 0.2.0 2.84 54.01 56.85 NOTE
r-devel-linux-x86_64-debian-gcc 0.2.0 2.06 42.18 44.24 NOTE
r-devel-linux-x86_64-fedora-clang 0.2.0 71.73 NOTE
r-devel-linux-x86_64-fedora-gcc 0.2.0 80.23 NOTE
r-devel-windows-x86_64 0.2.0 3.00 74.00 77.00 NOTE
r-patched-linux-x86_64 0.2.0 2.47 53.65 56.12 NOTE
r-release-linux-x86_64 0.2.0 2.75 52.38 55.13 NOTE
r-release-macos-arm64 0.2.0 35.00 NOTE
r-release-macos-x86_64 0.2.0 55.00 NOTE
r-release-windows-x86_64 0.2.0 5.00 76.00 81.00 NOTE
r-oldrel-macos-arm64 0.2.0 28.00 NOTE
r-oldrel-macos-x86_64 0.2.0 50.00 NOTE
r-oldrel-windows-x86_64 0.2.0 5.00 78.00 83.00 NOTE

Check Details

Version: 0.2.0
Check: LazyData
Result: NOTE 'LazyData' is specified without a 'data' directory Flavors: r-devel-linux-x86_64-debian-clang, r-devel-linux-x86_64-debian-gcc, r-devel-linux-x86_64-fedora-clang, r-devel-linux-x86_64-fedora-gcc, r-devel-windows-x86_64, r-patched-linux-x86_64, r-release-linux-x86_64, r-release-macos-arm64, r-release-macos-x86_64, r-release-windows-x86_64, r-oldrel-macos-arm64, r-oldrel-macos-x86_64, r-oldrel-windows-x86_64