Last updated on 2023-09-25 20:08:47 CEST.
Flavor | Version | Tinstall | Tcheck | Ttotal | Status | Flags |
---|---|---|---|---|---|---|
r-devel-linux-x86_64-debian-clang | 0.8.0 | 39.63 | 506.72 | 546.35 | OK | |
r-devel-linux-x86_64-debian-gcc | 0.8.0 | 28.49 | 373.93 | 402.42 | OK | |
r-devel-linux-x86_64-fedora-clang | 0.8.0 | 678.73 | NOTE | |||
r-devel-linux-x86_64-fedora-gcc | 0.8.0 | 674.85 | OK | |||
r-devel-windows-x86_64 | 0.8.0 | 27.00 | 393.00 | 420.00 | ERROR | |
r-patched-linux-x86_64 | 0.8.0 | 23.36 | 480.80 | 504.16 | OK | |
r-release-linux-x86_64 | 0.8.0 | 28.52 | 476.45 | 504.97 | OK | |
r-release-macos-arm64 | 0.8.0 | 198.00 | OK | |||
r-release-macos-x86_64 | 0.8.0 | 342.00 | OK | |||
r-release-windows-x86_64 | 0.8.0 | 42.00 | 508.00 | 550.00 | OK | |
r-oldrel-macos-arm64 | 0.8.0 | 151.00 | NOTE | |||
r-oldrel-macos-x86_64 | 0.8.0 | 215.00 | OK | |||
r-oldrel-windows-x86_64 | 0.8.0 | 40.00 | 480.00 | 520.00 | OK |
Version: 0.8.0
Check: installed package size
Result: NOTE
installed size is 5.0Mb
sub-directories of 1Mb or more:
doc 3.5Mb
images 1.1Mb
Flavors: r-devel-linux-x86_64-fedora-clang, r-oldrel-macos-arm64
Version: 0.8.0
Check: re-building of vignette outputs
Result: ERROR
Error(s) in re-building vignettes:
--- re-building 'Comprimento_Plantula.Rmd' using rmarkdown
--- finished re-building 'Comprimento_Plantula.Rmd'
--- re-building 'Contagem_de_bovinos.Rmd' using rmarkdown
--- finished re-building 'Contagem_de_bovinos.Rmd'
--- re-building 'Contagem_de_objetos.Rmd' using rmarkdown
--- finished re-building 'Contagem_de_objetos.Rmd'
--- re-building 'Edicao_de_imagens.Rmd' using rmarkdown
--- finished re-building 'Edicao_de_imagens.Rmd'
--- re-building 'Estimacao_Area_Foliar.Rmd' using rmarkdown
Quitting from lines 116-125 [unnamed-chunk-6] (Estimacao_Area_Foliar.Rmd)
Error: processing vignette 'Estimacao_Area_Foliar.Rmd' failed with diagnostics:
(subscript) logical subscript too long
--- failed re-building 'Estimacao_Area_Foliar.Rmd'
--- re-building 'Estimar_doenca_Amendoim.Rmd' using rmarkdown
--- finished re-building 'Estimar_doenca_Amendoim.Rmd'
SUMMARY: processing the following file failed:
'Estimacao_Area_Foliar.Rmd'
Error: Vignette re-building failed.
Execution halted
Flavor: r-devel-windows-x86_64