Last updated on 2023-10-04 08:01:37 CEST.
Flavor | Version | Tinstall | Tcheck | Ttotal | Status | Flags |
---|---|---|---|---|---|---|
r-devel-linux-x86_64-debian-clang | 0.1.4 | 3.75 | 33.26 | 37.01 | NOTE | |
r-devel-linux-x86_64-debian-gcc | 0.1.4 | 2.34 | 25.37 | 27.71 | NOTE | |
r-devel-linux-x86_64-fedora-clang | 0.1.4 | 49.70 | NOTE | |||
r-devel-linux-x86_64-fedora-gcc | 0.1.4 | 45.38 | NOTE | |||
r-devel-windows-x86_64 | 0.1.4 | 4.00 | 57.00 | 61.00 | NOTE | |
r-patched-linux-x86_64 | 0.1.4 | 3.64 | 32.59 | 36.23 | NOTE | |
r-release-linux-x86_64 | 0.1.4 | 3.24 | 32.45 | 35.69 | NOTE | |
r-release-macos-arm64 | 0.1.4 | 22.00 | NOTE | |||
r-release-macos-x86_64 | 0.1.4 | 25.00 | NOTE | |||
r-release-windows-x86_64 | 0.1.4 | 5.00 | 56.00 | 61.00 | NOTE | |
r-oldrel-macos-arm64 | 0.1.4 | 18.00 | OK | |||
r-oldrel-macos-x86_64 | 0.1.4 | 23.00 | OK | |||
r-oldrel-windows-x86_64 | 0.1.4 | 6.00 | 52.00 | 58.00 | NOTE |
Version: 0.1.4
Check: package dependencies
Result: NOTE
Package suggested but not available for checking: ‘cec2013’
Flavors: r-devel-linux-x86_64-debian-clang, r-devel-linux-x86_64-debian-gcc, r-devel-linux-x86_64-fedora-clang, r-devel-linux-x86_64-fedora-gcc, r-devel-windows-x86_64, r-patched-linux-x86_64, r-release-linux-x86_64, r-release-macos-arm64, r-release-macos-x86_64, r-release-windows-x86_64, r-oldrel-windows-x86_64