Last updated on 2024-03-29 07:54:43 CET.
Flavor | Version | Tinstall | Tcheck | Ttotal | Status | Flags |
---|---|---|---|---|---|---|
r-devel-linux-x86_64-debian-clang | 0.1.3 | 13.97 | 141.67 | 155.64 | NOTE | |
r-devel-linux-x86_64-debian-gcc | 0.1.3 | 11.89 | 107.18 | 119.07 | NOTE | |
r-devel-linux-x86_64-fedora-clang | 0.1.3 | 213.67 | NOTE | |||
r-devel-linux-x86_64-fedora-gcc | 0.1.3 | 193.99 | NOTE | |||
r-devel-windows-x86_64 | 0.1.3 | 14.00 | 119.00 | 133.00 | NOTE | |
r-patched-linux-x86_64 | 0.1.3 | 13.67 | 136.19 | 149.86 | NOTE | |
r-release-linux-x86_64 | 0.1.3 | 13.78 | 141.58 | 155.36 | OK | |
r-release-macos-arm64 | 0.1.3 | 64.00 | OK | |||
r-release-macos-x86_64 | 0.1.3 | 103.00 | OK | |||
r-release-windows-x86_64 | 0.1.3 | 18.00 | 153.00 | 171.00 | OK | |
r-oldrel-macos-arm64 | 0.1.3 | 63.00 | OK | |||
r-oldrel-windows-x86_64 | 0.1.3 | 19.00 | 150.00 | 169.00 | OK |
Version: 0.1.3
Check: Rd files
Result: NOTE
checkRd: (-1) dist.evaluate.core.Rd:26: Lost braces; missing escapes or markup?
26 | the \code{names} column in {data} as labels. If \code{NULL} (default),
| ^
Flavors: r-devel-linux-x86_64-debian-clang, r-devel-linux-x86_64-debian-gcc, r-devel-linux-x86_64-fedora-clang, r-devel-linux-x86_64-fedora-gcc, r-devel-windows-x86_64, r-patched-linux-x86_64