Last updated on 2023-06-03 08:05:42 CEST.
Flavor | Version | Tinstall | Tcheck | Ttotal | Status | Flags |
---|---|---|---|---|---|---|
r-devel-linux-x86_64-debian-clang | 1.0 | 42.89 | 84.83 | 127.72 | OK | |
r-devel-linux-x86_64-debian-gcc | 1.0 | 28.24 | 66.38 | 94.62 | OK | |
r-devel-linux-x86_64-fedora-clang | 1.0 | 164.75 | NOTE | |||
r-devel-linux-x86_64-fedora-gcc | 1.0 | 164.22 | NOTE | |||
r-devel-windows-x86_64 | 1.0 | 31.00 | 97.00 | 128.00 | OK | |
r-patched-linux-x86_64 | 1.0 | OK | ||||
r-release-linux-x86_64 | 1.0 | 29.96 | 82.44 | 112.40 | OK | |
r-release-macos-arm64 | 1.0 | 51.00 | OK | |||
r-release-macos-x86_64 | 1.0 | 78.00 | OK | |||
r-release-windows-x86_64 | 1.0 | 38.00 | 120.00 | 158.00 | OK | |
r-oldrel-macos-arm64 | 1.0 | 46.00 | OK | |||
r-oldrel-macos-x86_64 | 1.0 | 59.00 | OK | |||
r-oldrel-windows-x86_64 | 1.0 | 37.00 | 118.00 | 155.00 | OK |
Version: 1.0
Check: compiled code
Result: NOTE
File ‘EstHer/libs/EstHer.so’:
Found no calls to: ‘R_registerRoutines’, ‘R_useDynamicSymbols’
It is good practice to register native routines and to disable symbol
search.
See ‘Writing portable packages’ in the ‘Writing R Extensions’ manual.
Flavors: r-devel-linux-x86_64-fedora-clang, r-devel-linux-x86_64-fedora-gcc