Last updated on 2023-06-08 08:55:20 CEST.
Flavor | Version | Tinstall | Tcheck | Ttotal | Status | Flags |
---|---|---|---|---|---|---|
r-devel-linux-x86_64-debian-clang | 1.1.0 | 94.96 | 173.68 | 268.64 | OK | |
r-devel-linux-x86_64-debian-gcc | 1.1.0 | 75.60 | 132.17 | 207.77 | OK | |
r-devel-linux-x86_64-fedora-clang | 1.1.0 | 368.41 | OK | |||
r-devel-linux-x86_64-fedora-gcc | 1.1.0 | 380.67 | OK | |||
r-devel-windows-x86_64 | 1.1.0 | 73.00 | 170.00 | 243.00 | OK | |
r-patched-linux-x86_64 | 1.1.0 | 78.38 | 165.00 | 243.38 | OK | |
r-release-linux-x86_64 | 1.1.0 | 81.14 | 163.97 | 245.11 | OK | |
r-release-macos-arm64 | 1.1.0 | 105.00 | NOTE | |||
r-release-macos-x86_64 | 1.1.0 | 165.00 | NOTE | |||
r-release-windows-x86_64 | 1.1.0 | 97.00 | 212.00 | 309.00 | OK | |
r-oldrel-macos-arm64 | 1.1.0 | 97.00 | NOTE | |||
r-oldrel-macos-x86_64 | 1.1.0 | 128.00 | NOTE | |||
r-oldrel-windows-x86_64 | 1.1.0 | 93.00 | 204.00 | 297.00 | OK |
Version: 1.1.0
Check: installed package size
Result: NOTE
installed size is 6.2Mb
sub-directories of 1Mb or more:
doc 2.7Mb
libs 3.2Mb
Flavors: r-release-macos-arm64, r-release-macos-x86_64, r-oldrel-macos-arm64, r-oldrel-macos-x86_64