Last updated on 2024-03-28 07:52:48 CET.
Flavor | Version | Tinstall | Tcheck | Ttotal | Status | Flags |
---|---|---|---|---|---|---|
r-devel-linux-x86_64-debian-clang | 1.0.5 | 981.52 | 241.27 | 1222.79 | OK | |
r-devel-linux-x86_64-debian-gcc | 1.0.5 | 924.77 | 228.78 | 1153.55 | OK | |
r-devel-linux-x86_64-fedora-clang | 1.0.5 | 1489.82 | NOTE | |||
r-devel-linux-x86_64-fedora-gcc | 1.0.5 | 2066.35 | NOTE | |||
r-devel-windows-x86_64 | 1.0.5 | 721.00 | 260.00 | 981.00 | NOTE | |
r-patched-linux-x86_64 | 1.0.5 | 0.02 | 2.52 | 2.54 | ERROR | |
r-release-linux-x86_64 | 1.0.5 | 0.02 | 2.70 | 2.72 | ERROR | |
r-release-macos-arm64 | 1.0.5 | 515.00 | NOTE | |||
r-release-macos-x86_64 | 1.0.5 | 762.00 | NOTE | |||
r-release-windows-x86_64 | 1.0.5 | 1000.00 | 331.00 | 1331.00 | NOTE | |
r-oldrel-macos-arm64 | 1.0.5 | 436.00 | NOTE | |||
r-oldrel-windows-x86_64 | 1.0.5 | 976.00 | 302.00 | 1278.00 | NOTE |
Version: 1.0.5
Check: installed package size
Result: NOTE
installed size is 9.1Mb
sub-directories of 1Mb or more:
libs 8.0Mb
Flavors: r-devel-linux-x86_64-fedora-clang, r-devel-windows-x86_64, r-release-macos-arm64, r-release-macos-x86_64, r-release-windows-x86_64, r-oldrel-macos-arm64, r-oldrel-windows-x86_64
Version: 1.0.5
Check: dependencies in R code
Result: NOTE
Namespaces in Imports field not imported from:
‘RcppParallel’ ‘rstantools’
All declared Imports should be used.
Flavors: r-devel-linux-x86_64-fedora-clang, r-devel-linux-x86_64-fedora-gcc
Version: 1.0.5
Check: for GNU extensions in Makefiles
Result: NOTE
GNU make is a SystemRequirements.
Flavors: r-devel-linux-x86_64-fedora-clang, r-devel-linux-x86_64-fedora-gcc, r-release-macos-arm64, r-release-macos-x86_64, r-oldrel-macos-arm64
Version: 1.0.5
Check: whether package can be installed
Result: ERROR
Installation failed.
Flavors: r-patched-linux-x86_64, r-release-linux-x86_64