Last updated on 2023-11-30 07:52:33 CET.
Flavor | Version | Tinstall | Tcheck | Ttotal | Status | Flags |
---|---|---|---|---|---|---|
r-devel-linux-x86_64-debian-clang | 2.0.11 | 6.13 | 77.58 | 83.71 | NOTE | |
r-devel-linux-x86_64-debian-gcc | 2.0.11 | 5.85 | 57.49 | 63.34 | NOTE | |
r-devel-linux-x86_64-fedora-clang | 2.0.11 | 102.39 | NOTE | |||
r-devel-linux-x86_64-fedora-gcc | 2.0.11 | 100.81 | NOTE | |||
r-devel-windows-x86_64 | 2.0.11 | 8.00 | 74.00 | 82.00 | NOTE | |
r-patched-linux-x86_64 | 2.0.11 | 8.66 | 74.01 | 82.67 | OK | |
r-release-linux-x86_64 | 2.0.11 | 6.17 | 74.40 | 80.57 | OK | |
r-release-macos-arm64 | 2.0.11 | 30.00 | OK | |||
r-release-macos-x86_64 | 2.0.11 | 52.00 | OK | |||
r-release-windows-x86_64 | 2.0.11 | 10.00 | 91.00 | 101.00 | OK | |
r-oldrel-macos-arm64 | 2.0.11 | 29.00 | OK | |||
r-oldrel-macos-x86_64 | 2.0.11 | 39.00 | OK | |||
r-oldrel-windows-x86_64 | 2.0.11 | 11.00 | 92.00 | 103.00 | OK |
Version: 2.0.11
Check: package namespace information
Result: NOTE
Found export directive that requires package ‘methods’:
‘exportMethods’
Remove all such namespace directives (if obsolete) or ensure that the
DESCRIPTION Depends or Imports field contains ‘methods’.
Flavors: r-devel-linux-x86_64-debian-clang, r-devel-linux-x86_64-debian-gcc, r-devel-linux-x86_64-fedora-clang, r-devel-linux-x86_64-fedora-gcc, r-devel-windows-x86_64