Last updated on 2023-06-06 20:09:43 CEST.
Flavor | Version | Tinstall | Tcheck | Ttotal | Status | Flags |
---|---|---|---|---|---|---|
r-devel-linux-x86_64-debian-clang | 0.1.3 | 62.28 | 83.89 | 146.17 | NOTE | |
r-devel-linux-x86_64-debian-gcc | 0.1.3 | 48.28 | 61.08 | 109.36 | NOTE | |
r-devel-linux-x86_64-fedora-clang | 0.1.3 | 200.62 | NOTE | |||
r-devel-linux-x86_64-fedora-gcc | 0.1.3 | 211.06 | NOTE | |||
r-devel-windows-x86_64 | 0.1.3 | 52.00 | 107.00 | 159.00 | NOTE | |
r-patched-linux-x86_64 | 0.1.3 | 52.63 | 79.72 | 132.35 | NOTE | |
r-release-linux-x86_64 | 0.1.3 | 53.74 | 80.43 | 134.17 | NOTE | |
r-release-macos-arm64 | 0.1.3 | 59.00 | NOTE | |||
r-release-macos-x86_64 | 0.1.3 | 93.00 | NOTE | |||
r-release-windows-x86_64 | 0.1.3 | 66.00 | 118.00 | 184.00 | NOTE | |
r-oldrel-macos-arm64 | 0.1.3 | 54.00 | NOTE | |||
r-oldrel-macos-x86_64 | 0.1.3 | 87.00 | NOTE | |||
r-oldrel-windows-x86_64 | 0.1.3 | 61.00 | 119.00 | 180.00 | OK |
Version: 0.1.3
Check: C++ specification
Result: NOTE
Specified C++11: please drop specification unless essential
Flavors: r-devel-linux-x86_64-debian-clang, r-devel-linux-x86_64-debian-gcc, r-devel-linux-x86_64-fedora-clang, r-devel-linux-x86_64-fedora-gcc, r-devel-windows-x86_64, r-patched-linux-x86_64, r-release-linux-x86_64, r-release-macos-arm64, r-release-macos-x86_64, r-release-windows-x86_64
Version: 0.1.3
Check: installed package size
Result: NOTE
installed size is 6.8Mb
sub-directories of 1Mb or more:
data 2.0Mb
libs 4.1Mb
Flavors: r-release-macos-arm64, r-release-macos-x86_64, r-oldrel-macos-arm64, r-oldrel-macos-x86_64