Last updated on 2024-04-23 19:50:43 CEST.
Flavor | Version | Tinstall | Tcheck | Ttotal | Status | Flags |
---|---|---|---|---|---|---|
r-devel-linux-x86_64-debian-clang | 0.2.2 | 2.27 | 2.27 | ERROR | ||
r-devel-linux-x86_64-debian-gcc | 0.2.2 | 1.63 | 1.63 | ERROR | ||
r-devel-linux-x86_64-fedora-clang | 0.2.2 | 901.90 | NOTE | |||
r-devel-linux-x86_64-fedora-gcc | 0.2.2 | 828.97 | NOTE | |||
r-prerel-macos-arm64 | 0.2.2 | 5.00 | ERROR | |||
r-prerel-macos-x86_64 | 0.2.2 | 7.00 | ERROR | |||
r-prerel-windows-x86_64 | 0.2.2 | 61.00 | 407.00 | 468.00 | NOTE | |
r-patched-linux-x86_64 | 0.2.2 | 59.58 | 578.59 | 638.17 | NOTE | |
r-release-linux-x86_64 | 0.2.2 | 72.27 | 599.98 | 672.25 | OK | |
r-release-macos-arm64 | 0.2.2 | 12.00 | ERROR | |||
r-release-macos-x86_64 | 0.2.2 | 6.00 | ERROR | |||
r-release-windows-x86_64 | 0.2.2 | 78.00 | 533.00 | 611.00 | OK | |
r-oldrel-macos-arm64 | 0.2.2 | 186.00 | OK | |||
r-oldrel-windows-x86_64 | 0.2.2 | 79.00 | 458.00 | 537.00 | OK |
Version: 0.2.2
Check: package dependencies
Result: ERROR
Packages required but not available:
'minfi', 'IlluminaHumanMethylationEPICanno.ilm10b4.hg19',
'IlluminaHumanMethylation450kanno.ilmn12.hg19'
See section ‘The DESCRIPTION file’ in the ‘Writing R Extensions’
manual.
Flavors: r-devel-linux-x86_64-debian-clang, r-devel-linux-x86_64-debian-gcc, r-release-macos-arm64, r-release-macos-x86_64
Version: 0.2.2
Check: Rd files
Result: NOTE
checkRd: (-1) Emas.Rd:55: Lost braces in \itemize; \value handles \item{}{} directly
checkRd: (-1) Emas.Rd:56: Lost braces in \itemize; \value handles \item{}{} directly
checkRd: (-1) Emas.Rd:57: Lost braces in \itemize; \value handles \item{}{} directly
checkRd: (-1) Emas.Rd:58: Lost braces in \itemize; \value handles \item{}{} directly
checkRd: (-1) Emas.Rd:59: Lost braces in \itemize; \value handles \item{}{} directly
checkRd: (-1) Emas.Rd:60: Lost braces in \itemize; \value handles \item{}{} directly
checkRd: (-1) Emas.Rd:61: Lost braces in \itemize; \value handles \item{}{} directly
checkRd: (-1) Emas.Rd:62: Lost braces in \itemize; \value handles \item{}{} directly
checkRd: (-1) Emas.Rd:63: Lost braces in \itemize; \value handles \item{}{} directly
checkRd: (-1) Emas.Rd:64: Lost braces in \itemize; \value handles \item{}{} directly
Flavors: r-devel-linux-x86_64-fedora-clang, r-devel-linux-x86_64-fedora-gcc, r-prerel-windows-x86_64, r-patched-linux-x86_64
Version: 0.2.2
Check: package dependencies
Result: ERROR
Packages required but not available:
'IlluminaHumanMethylationEPICanno.ilm10b4.hg19',
'IlluminaHumanMethylation450kanno.ilmn12.hg19'
See section ‘The DESCRIPTION file’ in the ‘Writing R Extensions’
manual.
Flavors: r-prerel-macos-arm64, r-prerel-macos-x86_64