Last updated on 2023-12-06 07:50:12 CET.
Flavor | Version | Tinstall | Tcheck | Ttotal | Status | Flags |
---|---|---|---|---|---|---|
r-devel-linux-x86_64-debian-clang | 0.2.13 | 5.14 | 42.67 | 47.81 | NOTE | |
r-devel-linux-x86_64-debian-gcc | 0.2.13 | 3.84 | 33.78 | 37.62 | NOTE | |
r-devel-linux-x86_64-fedora-clang | 0.2.13 | 60.30 | NOTE | |||
r-devel-linux-x86_64-fedora-gcc | 0.2.13 | 69.14 | NOTE | |||
r-devel-windows-x86_64 | 0.2.13 | 6.00 | 57.00 | 63.00 | NOTE | |
r-patched-linux-x86_64 | 0.2.13 | 4.94 | 41.45 | 46.39 | NOTE | |
r-release-linux-x86_64 | 0.2.13 | 5.50 | 41.95 | 47.45 | NOTE | |
r-release-macos-arm64 | 0.2.13 | 28.00 | NOTE | |||
r-release-macos-x86_64 | 0.2.13 | 44.00 | NOTE | |||
r-release-windows-x86_64 | 0.2.13 | 8.00 | 62.00 | 70.00 | NOTE | |
r-oldrel-macos-arm64 | 0.2.13 | 22.00 | NOTE | |||
r-oldrel-macos-x86_64 | 0.2.13 | 41.00 | NOTE | |||
r-oldrel-windows-x86_64 | 0.2.13 | 8.00 | 69.00 | 77.00 | NOTE |
Version: 0.2.13
Check: LazyData
Result: NOTE
'LazyData' is specified without a 'data' directory
Flavors: r-devel-linux-x86_64-debian-clang, r-devel-linux-x86_64-debian-gcc, r-devel-linux-x86_64-fedora-clang, r-devel-linux-x86_64-fedora-gcc, r-devel-windows-x86_64, r-patched-linux-x86_64, r-release-linux-x86_64, r-release-macos-arm64, r-release-macos-x86_64, r-release-windows-x86_64, r-oldrel-macos-arm64, r-oldrel-macos-x86_64, r-oldrel-windows-x86_64