Last updated on 2023-09-28 08:58:49 CEST.
Flavor | Version | Tinstall | Tcheck | Ttotal | Status | Flags |
---|---|---|---|---|---|---|
r-devel-linux-x86_64-debian-clang | 0.5.5 | 16.18 | 40.51 | 56.69 | NOTE | |
r-devel-linux-x86_64-debian-gcc | 0.5.5 | 11.64 | 31.34 | 42.98 | NOTE | |
r-devel-linux-x86_64-fedora-clang | 0.5.5 | 68.38 | NOTE | |||
r-devel-linux-x86_64-fedora-gcc | 0.5.5 | 81.25 | NOTE | |||
r-devel-windows-x86_64 | 0.5.5 | 33.00 | 57.00 | 90.00 | NOTE | |
r-patched-linux-x86_64 | 0.5.5 | 14.43 | 39.13 | 53.56 | NOTE | |
r-release-linux-x86_64 | 0.5.5 | 14.98 | 38.99 | 53.97 | NOTE | |
r-release-macos-arm64 | 0.5.5 | 35.00 | NOTE | |||
r-release-macos-x86_64 | 0.5.5 | 89.00 | NOTE | |||
r-release-windows-x86_64 | 0.5.5 | 45.00 | 61.00 | 106.00 | NOTE | |
r-oldrel-macos-arm64 | 0.5.5 | 30.00 | NOTE | |||
r-oldrel-macos-x86_64 | 0.5.5 | 49.00 | NOTE | |||
r-oldrel-windows-x86_64 | 0.5.5 | 39.00 | 62.00 | 101.00 | NOTE |
Version: 0.5.5
Check: for GNU extensions in Makefiles
Result: NOTE
GNU make is a SystemRequirements.
Flavors: r-devel-linux-x86_64-debian-clang, r-devel-linux-x86_64-debian-gcc, r-devel-linux-x86_64-fedora-clang, r-devel-linux-x86_64-fedora-gcc, r-devel-windows-x86_64, r-patched-linux-x86_64, r-release-linux-x86_64, r-release-macos-arm64, r-release-macos-x86_64, r-release-windows-x86_64, r-oldrel-macos-arm64, r-oldrel-macos-x86_64, r-oldrel-windows-x86_64