Last updated on 2023-06-02 20:56:24 CEST.
Flavor | Version | Tinstall | Tcheck | Ttotal | Status | Flags |
---|---|---|---|---|---|---|
r-devel-linux-x86_64-debian-clang | 1.3 | 23.51 | 48.61 | 72.12 | OK | |
r-devel-linux-x86_64-debian-gcc | 1.3 | 21.66 | 37.94 | 59.60 | OK | |
r-devel-linux-x86_64-fedora-clang | 1.3 | 100.51 | OK | |||
r-devel-linux-x86_64-fedora-gcc | 1.3 | 99.85 | OK | |||
r-devel-windows-x86_64 | 1.3 | 18.00 | 80.00 | 98.00 | NOTE | |
r-patched-linux-x86_64 | 1.3 | OK | ||||
r-release-linux-x86_64 | 1.3 | 20.56 | 46.08 | 66.64 | OK | |
r-release-macos-arm64 | 1.3 | 35.00 | NOTE | |||
r-release-macos-x86_64 | 1.3 | 45.00 | NOTE | |||
r-release-windows-x86_64 | 1.3 | 20.00 | 89.00 | 109.00 | NOTE | |
r-oldrel-macos-arm64 | 1.3 | 34.00 | NOTE | |||
r-oldrel-macos-x86_64 | 1.3 | 43.00 | NOTE | |||
r-oldrel-windows-x86_64 | 1.3 | 25.00 | 86.00 | 111.00 | NOTE |
Version: 1.3
Check: installed package size
Result: NOTE
installed size is 5.1Mb
sub-directories of 1Mb or more:
data 3.9Mb
libs 1.0Mb
Flavors: r-devel-windows-x86_64, r-release-macos-arm64, r-release-macos-x86_64, r-release-windows-x86_64, r-oldrel-macos-arm64, r-oldrel-macos-x86_64, r-oldrel-windows-x86_64