Last updated on 2024-04-19 07:56:40 CEST.
Flavor | Version | Tinstall | Tcheck | Ttotal | Status | Flags |
---|---|---|---|---|---|---|
r-devel-linux-x86_64-debian-clang | 1.3 | 29.96 | 49.10 | 79.06 | OK | |
r-devel-linux-x86_64-debian-gcc | 1.3 | OK | ||||
r-devel-linux-x86_64-fedora-clang | 1.3 | 100.70 | OK | |||
r-devel-linux-x86_64-fedora-gcc | 1.3 | 98.54 | OK | |||
r-prerel-macos-arm64 | 1.3 | 32.00 | NOTE | |||
r-prerel-macos-x86_64 | 1.3 | 58.00 | NOTE | |||
r-prerel-windows-x86_64 | 1.3 | 22.00 | 76.00 | 98.00 | OK | |
r-patched-linux-x86_64 | 1.3 | 23.88 | 47.85 | 71.73 | OK | |
r-release-linux-x86_64 | 1.3 | 28.93 | 46.72 | 75.65 | OK | |
r-release-macos-arm64 | 1.3 | 35.00 | NOTE | |||
r-release-macos-x86_64 | 1.3 | 45.00 | NOTE | |||
r-release-windows-x86_64 | 1.3 | 22.00 | 86.00 | 108.00 | NOTE | |
r-oldrel-macos-arm64 | 1.3 | 34.00 | NOTE | |||
r-oldrel-windows-x86_64 | 1.3 | 27.00 | 84.00 | 111.00 | NOTE |
Version: 1.3
Check: installed package size
Result: NOTE
installed size is 5.2Mb
sub-directories of 1Mb or more:
data 3.9Mb
libs 1.1Mb
Flavors: r-prerel-macos-arm64, r-prerel-macos-x86_64, r-release-macos-arm64, r-release-macos-x86_64, r-release-windows-x86_64, r-oldrel-macos-arm64, r-oldrel-windows-x86_64