CRAN Package Check Results for Package DySS

Last updated on 2023-06-01 19:52:31 CEST.

Flavor Version Tinstall Tcheck Ttotal Status Flags
r-devel-linux-x86_64-debian-clang 1.0 323.67 131.35 455.02 NOTE
r-devel-linux-x86_64-debian-gcc 1.0 250.75 109.01 359.76 NOTE
r-devel-linux-x86_64-fedora-clang 1.0 707.23 NOTE
r-devel-linux-x86_64-fedora-gcc 1.0 697.71 NOTE
r-devel-windows-x86_64 1.0 251.00 147.00 398.00 NOTE
r-patched-linux-x86_64 1.0 NOTE
r-release-linux-x86_64 1.0 257.88 130.82 388.70 NOTE
r-release-macos-arm64 1.0 178.00 NOTE
r-release-macos-x86_64 1.0 279.00 NOTE
r-release-windows-x86_64 1.0 328.00 182.00 510.00 NOTE
r-oldrel-macos-arm64 1.0 144.00 NOTE
r-oldrel-macos-x86_64 1.0 201.00 NOTE
r-oldrel-windows-x86_64 1.0 317.00 168.00 485.00 NOTE

Check Details

Version: 1.0
Check: C++ specification
Result: NOTE
     Specified C++11: please drop specification unless essential
Flavors: r-devel-linux-x86_64-debian-clang, r-devel-linux-x86_64-debian-gcc, r-devel-linux-x86_64-fedora-clang, r-devel-linux-x86_64-fedora-gcc, r-devel-windows-x86_64, r-patched-linux-x86_64, r-release-linux-x86_64, r-release-macos-arm64, r-release-macos-x86_64, r-release-windows-x86_64

Version: 1.0
Check: installed package size
Result: NOTE
     installed size is 5.4Mb
     sub-directories of 1Mb or more:
     data 3.1Mb
     libs 1.8Mb
Flavors: r-devel-windows-x86_64, r-release-macos-arm64, r-release-macos-x86_64, r-release-windows-x86_64, r-oldrel-macos-arm64, r-oldrel-macos-x86_64, r-oldrel-windows-x86_64