Last updated on 2024-04-23 19:50:42 CEST.
Flavor | Version | Tinstall | Tcheck | Ttotal | Status | Flags |
---|---|---|---|---|---|---|
r-devel-linux-x86_64-debian-clang | 2.2-0 | 7.85 | 59.39 | 67.24 | OK | |
r-devel-linux-x86_64-debian-gcc | 2.2-0 | 5.61 | 44.13 | 49.74 | OK | |
r-devel-linux-x86_64-fedora-clang | 2.2-0 | 85.03 | OK | |||
r-devel-linux-x86_64-fedora-gcc | 2.2-0 | 121.99 | OK | |||
r-prerel-macos-arm64 | 2.2-0 | 33.00 | NOTE | |||
r-prerel-windows-x86_64 | 2.2-0 | 6.00 | 62.00 | 68.00 | OK | |
r-patched-linux-x86_64 | 2.2-0 | 5.30 | 58.31 | 63.61 | OK | |
r-release-linux-x86_64 | 2.2-0 | 7.25 | 56.85 | 64.10 | OK | |
r-release-macos-arm64 | 2.2-0 | 47.00 | OK | |||
r-release-macos-x86_64 | 2.2-0 | 92.00 | OK | |||
r-release-windows-x86_64 | 2.2-0 | 8.00 | 69.00 | 77.00 | OK | |
r-oldrel-macos-arm64 | 2.2-0 | 54.00 | OK | |||
r-oldrel-windows-x86_64 | 2.2-0 | 8.00 | 74.00 | 82.00 | OK |
Version: 2.2-0
Check: package dependencies
Result: NOTE
Package suggested but not available for checking: ‘rlibkriging’
Flavor: r-prerel-macos-arm64